{"id":7447,"date":"2021-09-02T12:17:41","date_gmt":"2021-09-02T10:17:41","guid":{"rendered":"https:\/\/formaxx.yz-media.de\/?page_id=7447"},"modified":"2025-03-28T11:50:01","modified_gmt":"2025-03-28T10:50:01","slug":"nachhaltigkeit-esg","status":"publish","type":"page","link":"https:\/\/formaxx.de\/nds-de\/nachhaltigkeit-esg\/","title":{"rendered":"Nachhaltigkeit (ESG)"},"content":{"rendered":"\t\t<div data-elementor-type=\"wp-page\" data-elementor-id=\"7447\" class=\"elementor elementor-7447\" data-elementor-post-type=\"page\">\n\t\t\t\t\t\t<section class=\"elementor-section elementor-top-section elementor-element elementor-element-a8f5d43 elementor-section-boxed elementor-section-height-default elementor-section-height-default\" data-id=\"a8f5d43\" data-element_type=\"section\" data-e-type=\"section\">\n\t\t\t\t\t\t<div class=\"elementor-container elementor-column-gap-default\">\n\t\t\t\t\t<div class=\"elementor-column elementor-col-100 elementor-top-column elementor-element elementor-element-f1678f9\" data-id=\"f1678f9\" data-element_type=\"column\" data-e-type=\"column\">\n\t\t\t<div class=\"elementor-widget-wrap elementor-element-populated\">\n\t\t\t\t\t\t<div class=\"elementor-element elementor-element-909c768 elementor-widget elementor-widget-heading\" data-id=\"909c768\" data-element_type=\"widget\" data-e-type=\"widget\" data-widget_type=\"heading.default\">\n\t\t\t\t<div class=\"elementor-widget-container\">\n\t\t\t\t\t<h2 class=\"elementor-heading-title elementor-size-default\">Nachhaltigkeit bei der FORMAXX AG<\/h2>\t\t\t\t<\/div>\n\t\t\t\t<\/div>\n\t\t\t\t<div class=\"elementor-element elementor-element-a720714 elementor-widget elementor-widget-text-editor\" data-id=\"a720714\" data-element_type=\"widget\" data-e-type=\"widget\" data-widget_type=\"text-editor.default\">\n\t\t\t\t<div class=\"elementor-widget-container\">\n\t\t\t\t\t\t\t\t\t<p>Zum 10. M&auml;rz 2021 trat die EU-Verordnung &uuml;ber &bdquo;nachhaltigkeitsbezogene Offenlegungspflichten im Finanzdienstleistungssektor&rdquo; (TVO) in Kraft, mit der Europa einen weiteren Schritt beim wichtigen Zukunftsthema Nachhaltigkeit geht. Die TVO basiert auf dem EU-Aktionsplan f&uuml;r ein nachhaltiges Finanzwesen.<\/p><p>Nachfolgend m&ouml;chten wir Sie &uuml;ber unseren Umgang mit dem Thema Nachhaltigkeit (ESG), das f&uuml;r uns und unsere FORMAXX-Berater einen hohen Stellenwert hat, informieren.<\/p>\t\t\t\t\t\t\t\t<\/div>\n\t\t\t\t<\/div>\n\t\t\t\t<div class=\"elementor-element elementor-element-bf62e47 elementor-widget elementor-widget-heading\" data-id=\"bf62e47\" data-element_type=\"widget\" data-e-type=\"widget\" data-widget_type=\"heading.default\">\n\t\t\t\t<div class=\"elementor-widget-container\">\n\t\t\t\t\t<h3 class=\"elementor-heading-title elementor-size-default\">I. Guns&auml;tzliches\/Was sind Nachhaltigkeitsrisiken?<\/h3>\t\t\t\t<\/div>\n\t\t\t\t<\/div>\n\t\t\t\t<div class=\"elementor-element elementor-element-c95dc68 elementor-widget elementor-widget-text-editor\" data-id=\"c95dc68\" data-element_type=\"widget\" data-e-type=\"widget\" data-widget_type=\"text-editor.default\">\n\t\t\t\t<div class=\"elementor-widget-container\">\n\t\t\t\t\t\t\t\t\t<p>Als Nachhaltigkeitsrisiken, auch ESG-Risiken genannt, werden Ereignisse oder Bedingungen aus den drei Bereichen <strong>Umwelt (Environment), Soziales (Social) und Unternehmensf&uuml;hrung (Governance)<\/strong> bezeichnet, deren Eintreten Auswirkungen auf den Wert einer Anlage haben k&ouml;nnten. Diese Risiken k&ouml;nnen einzelne Unternehmen genauso wie ganze Branchen oder Regionen betreffen.<\/p><p>Beispiele f&uuml;r Nachhaltigkeitsrisiken, die sich aus den drei Bereichen ergeben k&ouml;nnten:<\/p><ul><li>Umwelt:&nbsp;In Folge des Klimawandels k&ouml;nnten vermehrt auftretende Extremwetterereignisse ein Risiko darstellen. Dieses Risiko wird auch physisches Risiko genannt. Ein Beispiel hierf&uuml;r w&auml;re eine extreme Trockenperiode in einer bestimmten Region, Hochwasser oder &Uuml;berschwemmungen.<\/li><li>Soziales:&nbsp;Im Bereich des Sozialen k&ouml;nnten sich Risiken zum Beispiel aus der Nichteinhaltung von Menschenrechten, Gleichberechtigung oder des Gesundheitsschutzes ergeben.<\/li><li>Unternehmensf&uuml;hrung:&nbsp;Beispiele f&uuml;r Risiken im Bereich der Unternehmensf&uuml;hrung sind etwa die Nichteinhaltung der Steuerehrlichkeit oder Korruption in Unternehmen.<\/li><\/ul>\t\t\t\t\t\t\t\t<\/div>\n\t\t\t\t<\/div>\n\t\t\t\t<div class=\"elementor-element elementor-element-092b435 elementor-widget elementor-widget-heading\" data-id=\"092b435\" data-element_type=\"widget\" data-e-type=\"widget\" data-widget_type=\"heading.default\">\n\t\t\t\t<div class=\"elementor-widget-container\">\n\t\t\t\t\t<h3 class=\"elementor-heading-title elementor-size-default\">II. FORMAXX-Strategie zur Einbeziehung von Nachhaltigkeitsrisiken bei der (Versicherungs-)Anlage- und Finanzanlageberatung<\/h3>\t\t\t\t<\/div>\n\t\t\t\t<\/div>\n\t\t\t\t<div class=\"elementor-element elementor-element-61d6a54 elementor-widget elementor-widget-text-editor\" data-id=\"61d6a54\" data-element_type=\"widget\" data-e-type=\"widget\" data-widget_type=\"text-editor.default\">\n\t\t\t\t<div class=\"elementor-widget-container\">\n\t\t\t\t\t\t\t\t\t<p>Die folgenden Kernbereiche spielen f&uuml;r uns im Rahmen der Ber&uuml;cksichtigung von Nachhaltigkeitsrisiken eine entscheidende Rolle:<\/p><ul><li>die Auswahl der Produktpartner und deren Produktportfolio<\/li><li>die (Versicherungs-)Anlage- und Finanzanlageberatung an sich<\/li><\/ul><p>Im Einzelnen:<\/p>\t\t\t\t\t\t\t\t<\/div>\n\t\t\t\t<\/div>\n\t\t\t\t<div class=\"elementor-element elementor-element-8ac17ab elementor-widget elementor-widget-heading\" data-id=\"8ac17ab\" data-element_type=\"widget\" data-e-type=\"widget\" data-widget_type=\"heading.default\">\n\t\t\t\t<div class=\"elementor-widget-container\">\n\t\t\t\t\t<h4 class=\"elementor-heading-title elementor-size-default\">1. Auswahl Produktpartner und deren Produktportfolio<\/h4>\t\t\t\t<\/div>\n\t\t\t\t<\/div>\n\t\t\t\t<div class=\"elementor-element elementor-element-23672c2 elementor-widget elementor-widget-text-editor\" data-id=\"23672c2\" data-element_type=\"widget\" data-e-type=\"widget\" data-widget_type=\"text-editor.default\">\n\t\t\t\t<div class=\"elementor-widget-container\">\n\t\t\t\t\t\t\t\t\t<p>All unsere Produktpartner im Bereich (Versicherungs-)Anlage- und Finanzanlageberatung w&auml;hlen wir sehr sorgsam aus.<\/p><p>Unser Management und unsere ausgew&auml;hlten Kollegen und Mitarbeiter suchen hierbei den stetigen Austausch mit unseren (potentiellen) Produktpartnern, um ESG-relevante Themen zu er&ouml;rtern und zu diskutieren. Ziel ist es, deren Umgang mit diesen Themen zu kennen und im Blick zu haben.<\/p><p>Dabei achten wir darauf, mit Produktpartnern zusammen zu arbeiten, die permanent an der Weiterentwicklung und Optimierung ihres ESG-bezogenen Verhaltens und ihrer Best Practices arbeiten. Diese Produktpartner genie&szlig;en unser Vertrauen.<\/p><p>Dasselbe gilt f&uuml;r das Produktportfolio. Auch hier achten wir bei der Auswahl der Produkte darauf, dass ESG-Kriterien und Aspekte f&uuml;r nachhaltiges Investieren in die Investmentanalysen einflie&szlig;en und f&uuml;r die Entscheidungen unserer Kunden herangezogen werden k&ouml;nnen.<\/p>\t\t\t\t\t\t\t\t<\/div>\n\t\t\t\t<\/div>\n\t\t\t\t<div class=\"elementor-element elementor-element-29c0138 elementor-widget elementor-widget-heading\" data-id=\"29c0138\" data-element_type=\"widget\" data-e-type=\"widget\" data-widget_type=\"heading.default\">\n\t\t\t\t<div class=\"elementor-widget-container\">\n\t\t\t\t\t<h4 class=\"elementor-heading-title elementor-size-default\">2. Nachhaltigkeitsrisiken im Rahmen unserer Beratungst&auml;tigkeit (Art. 3 TVO)<\/h4>\t\t\t\t<\/div>\n\t\t\t\t<\/div>\n\t\t\t\t<div class=\"elementor-element elementor-element-d5c11b9 elementor-widget elementor-widget-text-editor\" data-id=\"d5c11b9\" data-element_type=\"widget\" data-e-type=\"widget\" data-widget_type=\"text-editor.default\">\n\t\t\t\t<div class=\"elementor-widget-container\">\n\t\t\t\t\t\t\t\t\t<p>Wir sind stolz darauf, in der (Versicherungs-)Anlage- und Finanzanlageberatung auf ein gro&szlig;es Produktportfolio zugreifen zu k&ouml;nnen.<\/p><p>Um Nachhaltigkeitsrisiken in unsere Beratung einzubeziehen, werden im Rahmen der Auswahl unserer Produktpartner und deren Produkte im Wesentlichen die uns zur Verf&uuml;gung gestellten Informationen ber&uuml;cksichtigt. Produktpartner, die erkennbar keine Strategie zur Einbeziehung von Nachhaltigkeitsrisiken in ihre Investitionsentscheidungen haben, werden ggf. nicht angeboten.<\/p><p>Im Rahmen der Beratung wird ggf. gesondert dargestellt, wenn die Ber&uuml;cksichtigung der Nachhaltigkeitsrisiken bei der Investmententscheidung erkennbare Vor- bzw. Nachteile f&uuml;r den Kunden bedeuten.<\/p><p>Um die Bewertung von Nachhaltigkeitsrisiken vorzunehmen, nutzen wir auch zus&auml;tzliche Informationen von Dienstleistern, Verb&auml;nden oder Organisationen, die sich auf die Beurteilung dieser Risiken spezialisiert haben.<\/p><p>&Uuml;ber die Ber&uuml;cksichtigung von Nachhaltigkeitsrisiken bei Investitionsentscheidungen des jeweiligen Produktpartners informiert dieser dar&uuml;ber hinaus mit seinen vorvertraglichen Informationen.<\/p><p>Fragen k&ouml;nnen unsere Kunden im Vorfeld eines m&ouml;glichen Abschlusses nat&uuml;rlich jederzeit stellen &ndash; mehr noch: diese sind sogar gew&uuml;nscht.<\/p>\t\t\t\t\t\t\t\t<\/div>\n\t\t\t\t<\/div>\n\t\t\t\t<div class=\"elementor-element elementor-element-62d400f elementor-widget elementor-widget-heading\" data-id=\"62d400f\" data-element_type=\"widget\" data-e-type=\"widget\" data-widget_type=\"heading.default\">\n\t\t\t\t<div class=\"elementor-widget-container\">\n\t\t\t\t\t<h5 class=\"elementor-heading-title elementor-size-default\">A. Einzelheiten zur (Versicherungs-)Anlageberatung:<\/h5>\t\t\t\t<\/div>\n\t\t\t\t<\/div>\n\t\t\t\t<div class=\"elementor-element elementor-element-04a2d9f elementor-widget elementor-widget-text-editor\" data-id=\"04a2d9f\" data-element_type=\"widget\" data-e-type=\"widget\" data-widget_type=\"text-editor.default\">\n\t\t\t\t<div class=\"elementor-widget-container\">\n\t\t\t\t\t\t\t\t\t<p>Im Rahmen unseres Beratungsprozesses stehen Produkte mit Nachhaltigkeitsfokus zur Verf&uuml;gung, die ein bestehendes Bed&uuml;rfnis unserer Kunden, Produkte erwerben zu k&ouml;nnen, die bestimmte Umwelt- und\/oder soziale und\/oder gesellschaftliche Aspekte, befriedigen.<\/p><p>Diese Versicherungsanlage- und Altersvorsorgeprodukte k&ouml;nnen geeignet sein, abh&auml;ngig von den Anlagezielen, den Anlageerfahrungen oder der Risikotoleranz der Kunden.<\/p>\t\t\t\t\t\t\t\t<\/div>\n\t\t\t\t<\/div>\n\t\t\t\t<div class=\"elementor-element elementor-element-44dc9a7 elementor-widget elementor-widget-heading\" data-id=\"44dc9a7\" data-element_type=\"widget\" data-e-type=\"widget\" data-widget_type=\"heading.default\">\n\t\t\t\t<div class=\"elementor-widget-container\">\n\t\t\t\t\t<h5 class=\"elementor-heading-title elementor-size-default\">B. Einzelheiten zur Finanzanlageberatung<\/h5>\t\t\t\t<\/div>\n\t\t\t\t<\/div>\n\t\t\t\t<div class=\"elementor-element elementor-element-f479d67 elementor-widget elementor-widget-text-editor\" data-id=\"f479d67\" data-element_type=\"widget\" data-e-type=\"widget\" data-widget_type=\"text-editor.default\">\n\t\t\t\t<div class=\"elementor-widget-container\">\n\t\t\t\t\t\t\t\t\t<p>Wir k&ouml;nnen ein bestehendes Bed&uuml;rfnis unserer Kunden, in Produkte zu investieren, die einen st&auml;rkeren Nachhaltigkeitsfokus haben, befriedigen.<\/p><p>So stehen unseren Kunden Investmentfonds zur Verf&uuml;gung, die nach Art. 6 der EU-Offenlegungsverordnung einzuordnen sind und bei denen ein grunds&auml;tzliches ESG-Research der Produktanbieter ber&uuml;cksichtigt wird.<\/p><p>Dar&uuml;ber hinaus k&ouml;nnen wir unseren Kunden auf deren Wunsch hin auch eine Auswahl explizit nachhaltiger Fonds gem. Art. 8 der EU-Offenlegungsverordnung anbieten, die ihren Fokus auf Umwelt- und\/oder soziale und\/oder gesellschaftliche Aspekte legen.<\/p><p>Die Investments k&ouml;nnen im Rahmen der Anlageberatung geeignet sein, abh&auml;ngig von den Anlagezielen, den Anlageerfahrungen oder dem Rendite-Risiko-Profil der Kunden.<\/p><p>Grunds&auml;tzlich wird auch in Bezug auf Nachhaltigkeitsrisiken eine m&ouml;glichst breite Streuung (Diversifizierung) der Anlage in Finanzanlageprodukte oder ggf. auch innerhalb eines Finanzanlageproduktes empfohlen.<\/p>\t\t\t\t\t\t\t\t<\/div>\n\t\t\t\t<\/div>\n\t\t\t\t<div class=\"elementor-element elementor-element-e096ea1 elementor-widget elementor-widget-heading\" data-id=\"e096ea1\" data-element_type=\"widget\" data-e-type=\"widget\" data-widget_type=\"heading.default\">\n\t\t\t\t<div class=\"elementor-widget-container\">\n\t\t\t\t\t<h3 class=\"elementor-heading-title elementor-size-default\">III. Ber&uuml;cksichtigung nachteiliger Auswirkungen auf Nachhaltigkeitsfaktoren (Art. 4 TVO)<\/h3>\t\t\t\t<\/div>\n\t\t\t\t<\/div>\n\t\t\t\t<div class=\"elementor-element elementor-element-a4fe937 elementor-widget elementor-widget-text-editor\" data-id=\"a4fe937\" data-element_type=\"widget\" data-e-type=\"widget\" data-widget_type=\"text-editor.default\">\n\t\t\t\t<div class=\"elementor-widget-container\">\n\t\t\t\t\t\t\t\t\t<p>Nachhaltigkeitsrisiken k&ouml;nnen naturgem&auml;&szlig; sowohl positive als auch negative Einfl&uuml;sse auf die k&uuml;nftige Wertentwicklung haben. Wichtig ist daher, dass den Risiken Aufmerksamkeit geschenkt wird.<\/p><p>Die Identifizierung der Nachhaltigkeitsrisiken erfolgt in erster Linie durch den Produktpartner, auf deren Informationen wir, wie bereits geschildert, zur&uuml;ckgreifen.<\/p><p>Im Rahmen der Beratung werden die wichtigsten nachteiligen Auswirkungen von Investitionsentscheidungen auf Nachhaltigkeitsfaktoren ber&uuml;cksichtigt. Wir weisen darauf hin, dass derzeit eine Ber&uuml;cksichtigung auf Grund sich aufbauender, aber aktuell noch ggf. rudiment&auml;rer Informationen durch die Produktpartner lediglich bedingt erfolgen kann.<\/p><p>Die Ber&uuml;cksichtigung erfolgt auf Basis der uns zur Verf&uuml;gung gestellten Informationen, die wir unseren Kunden zur Verf&uuml;gung stellen und mit diesen er&ouml;rtern.<\/p><p>Wir nehmen keine eigene Einstufung und Auswahl von Produkten anhand von Nachhaltigkeitsindikatoren vor (z. B. &uuml;ber eine Rangfolge- und Auswahlmethode), da diese Einstufung aus unserer Sicht nur durch die Produktpartner erfolgen kann.<\/p>\t\t\t\t\t\t\t\t<\/div>\n\t\t\t\t<\/div>\n\t\t\t\t<div class=\"elementor-element elementor-element-69a1174 elementor-widget elementor-widget-heading\" data-id=\"69a1174\" data-element_type=\"widget\" data-e-type=\"widget\" data-widget_type=\"heading.default\">\n\t\t\t\t<div class=\"elementor-widget-container\">\n\t\t\t\t\t<h3 class=\"elementor-heading-title elementor-size-default\">IV. Verg&uuml;tungspolitik und Nachhaltigkeitsrisiken (Art. 5 TVO)<\/h3>\t\t\t\t<\/div>\n\t\t\t\t<\/div>\n\t\t\t\t<div class=\"elementor-element elementor-element-f4bce19 elementor-widget elementor-widget-text-editor\" data-id=\"f4bce19\" data-element_type=\"widget\" data-e-type=\"widget\" data-widget_type=\"text-editor.default\">\n\t\t\t\t<div class=\"elementor-widget-container\">\n\t\t\t\t\t\t\t\t\t<p>Die Verg&uuml;tung f&uuml;r die Vermittlung von Versicherungsanlage- und Finanzanlageprodukten wird grunds&auml;tzlich nicht von den Nachhaltigkeitsrisiken beeinflusst.<\/p>\t\t\t\t\t\t\t\t<\/div>\n\t\t\t\t<\/div>\n\t\t\t\t\t<\/div>\n\t\t<\/div>\n\t\t\t\t\t<\/div>\n\t\t<\/section>\n\t\t\t\t<\/div>\n\t\t","protected":false},"excerpt":{"rendered":"<p>Nachhaltigkeit bei der FORMAXX AG Zum 10. M\u00e4rz 2021 trat die EU-Verordnung \u00fcber \u201enachhaltigkeitsbezogene Offenlegungspflichten im Finanzdienstleistungssektor\u201d (TVO) in Kraft, mit der Europa einen weiteren Schritt beim wichtigen Zukunftsthema Nachhaltigkeit geht. Die TVO basiert auf dem EU-Aktionsplan f\u00fcr ein nachhaltiges Finanzwesen. Nachfolgend m\u00f6chten wir Sie \u00fcber unseren Umgang mit dem Thema Nachhaltigkeit (ESG), das f\u00fcr [&hellip;]<\/p>\n","protected":false},"author":1,"featured_media":7255,"parent":0,"menu_order":0,"comment_status":"closed","ping_status":"closed","template":"","meta":{"_acf_changed":false,"footnotes":""},"folder":[261],"class_list":["post-7447","page","type-page","status-publish","has-post-thumbnail","hentry"],"acf":[],"yoast_head":"<!-- This site is optimized with the Yoast SEO plugin v27.5 - https:\/\/yoast.com\/product\/yoast-seo-wordpress\/ -->\n<title>Nachhaltigkeit (ESG) - FORMAXX AG<\/title>\n<meta name=\"description\" content=\"FORMAXX engagiert sich f\u00fcr Nachhaltigkeit und ber\u00fccksichtigt ESG-Kriterien in der unabh\u00e4ngigen Finanzberatung.\" \/>\n<meta name=\"robots\" content=\"index, follow, max-snippet:-1, max-image-preview:large, max-video-preview:-1\" \/>\n<meta property=\"og:locale\" content=\"en_US\" \/>\n<meta property=\"og:type\" content=\"article\" \/>\n<meta property=\"og:title\" content=\"Nachhaltigkeit (ESG) - FORMAXX AG\" \/>\n<meta property=\"og:description\" content=\"FORMAXX engagiert sich f\u00fcr Nachhaltigkeit und ber\u00fccksichtigt ESG-Kriterien in der unabh\u00e4ngigen Finanzberatung.\" \/>\n<meta property=\"og:url\" content=\"https:\/\/formaxx.de\/nachhaltigkeit-esg\/\" \/>\n<meta property=\"og:site_name\" content=\"FORMAXX AG\" \/>\n<meta property=\"article:modified_time\" content=\"2025-03-28T10:50:01+00:00\" \/>\n<meta property=\"og:image\" content=\"https:\/\/formaxx.de\/wp-content\/uploads\/2021\/07\/Fin_Immo.jpg\" \/>\n\t<meta property=\"og:image:width\" content=\"1619\" \/>\n\t<meta property=\"og:image:height\" content=\"1080\" \/>\n\t<meta property=\"og:image:type\" content=\"image\/jpeg\" \/>\n<meta name=\"twitter:card\" content=\"summary_large_image\" \/>\n<meta name=\"twitter:label1\" content=\"Gesch\u00e4tzte Lesezeit\" \/>\n\t<meta name=\"twitter:data1\" content=\"5\u00a0Minuten\" \/>\n<script type=\"application\/ld+json\" class=\"yoast-schema-graph\">{\"@context\":\"https:\\\/\\\/schema.org\",\"@graph\":[{\"@type\":\"WebPage\",\"@id\":\"https:\\\/\\\/formaxx.de\\\/nachhaltigkeit-esg\\\/\",\"url\":\"https:\\\/\\\/formaxx.de\\\/nachhaltigkeit-esg\\\/\",\"name\":\"Nachhaltigkeit (ESG) - FORMAXX AG\",\"isPartOf\":{\"@id\":\"https:\\\/\\\/formaxx.de\\\/#website\"},\"primaryImageOfPage\":{\"@id\":\"https:\\\/\\\/formaxx.de\\\/nachhaltigkeit-esg\\\/#primaryimage\"},\"image\":{\"@id\":\"https:\\\/\\\/formaxx.de\\\/nachhaltigkeit-esg\\\/#primaryimage\"},\"thumbnailUrl\":\"https:\\\/\\\/formaxx.de\\\/wp-content\\\/uploads\\\/2021\\\/07\\\/Fin_Immo.jpg\",\"datePublished\":\"2021-09-02T10:17:41+00:00\",\"dateModified\":\"2025-03-28T10:50:01+00:00\",\"description\":\"FORMAXX engagiert sich f\u00fcr Nachhaltigkeit und ber\u00fccksichtigt ESG-Kriterien in der unabh\u00e4ngigen Finanzberatung.\",\"breadcrumb\":{\"@id\":\"https:\\\/\\\/formaxx.de\\\/nachhaltigkeit-esg\\\/#breadcrumb\"},\"inLanguage\":\"de\",\"potentialAction\":[{\"@type\":\"ReadAction\",\"target\":[\"https:\\\/\\\/formaxx.de\\\/nachhaltigkeit-esg\\\/\"]}]},{\"@type\":\"ImageObject\",\"inLanguage\":\"de\",\"@id\":\"https:\\\/\\\/formaxx.de\\\/nachhaltigkeit-esg\\\/#primaryimage\",\"url\":\"https:\\\/\\\/formaxx.de\\\/wp-content\\\/uploads\\\/2021\\\/07\\\/Fin_Immo.jpg\",\"contentUrl\":\"https:\\\/\\\/formaxx.de\\\/wp-content\\\/uploads\\\/2021\\\/07\\\/Fin_Immo.jpg\",\"width\":1619,\"height\":1080,\"caption\":\"Beraterschwerpunkt: Finanzierung eignen- und fremdgenutzter Immobilien\"},{\"@type\":\"BreadcrumbList\",\"@id\":\"https:\\\/\\\/formaxx.de\\\/nachhaltigkeit-esg\\\/#breadcrumb\",\"itemListElement\":[{\"@type\":\"ListItem\",\"position\":1,\"name\":\"Startseite\",\"item\":\"https:\\\/\\\/formaxx.de\\\/nds-de\\\/formaxx-ag\\\/\"},{\"@type\":\"ListItem\",\"position\":2,\"name\":\"Nachhaltigkeit (ESG)\"}]},{\"@type\":\"WebSite\",\"@id\":\"https:\\\/\\\/formaxx.de\\\/#website\",\"url\":\"https:\\\/\\\/formaxx.de\\\/\",\"name\":\"FORMAXX AG\",\"description\":\"Ma\u00dfstab in Sachen Finanzberatung\",\"publisher\":{\"@id\":\"https:\\\/\\\/formaxx.de\\\/#organization\"},\"potentialAction\":[{\"@type\":\"SearchAction\",\"target\":{\"@type\":\"EntryPoint\",\"urlTemplate\":\"https:\\\/\\\/formaxx.de\\\/?s={search_term_string}\"},\"query-input\":{\"@type\":\"PropertyValueSpecification\",\"valueRequired\":true,\"valueName\":\"search_term_string\"}}],\"inLanguage\":\"de\"},{\"@type\":\"Organization\",\"@id\":\"https:\\\/\\\/formaxx.de\\\/#organization\",\"name\":\"FORMAXX AG\",\"url\":\"https:\\\/\\\/formaxx.de\\\/\",\"logo\":{\"@type\":\"ImageObject\",\"inLanguage\":\"de\",\"@id\":\"https:\\\/\\\/formaxx.de\\\/#\\\/schema\\\/logo\\\/image\\\/\",\"url\":\"https:\\\/\\\/formaxx.de\\\/wp-content\\\/uploads\\\/2020\\\/11\\\/FORMAXX-Logo.png\",\"contentUrl\":\"https:\\\/\\\/formaxx.de\\\/wp-content\\\/uploads\\\/2020\\\/11\\\/FORMAXX-Logo.png\",\"width\":1920,\"height\":242,\"caption\":\"FORMAXX AG\"},\"image\":{\"@id\":\"https:\\\/\\\/formaxx.de\\\/#\\\/schema\\\/logo\\\/image\\\/\"}}]}<\/script>\n<!-- \/ Yoast SEO plugin. -->","yoast_head_json":{"title":"Nachhaltigkeit (ESG) - FORMAXX AG","description":"FORMAXX engagiert sich f\u00fcr Nachhaltigkeit und ber\u00fccksichtigt ESG-Kriterien in der unabh\u00e4ngigen Finanzberatung.","robots":{"index":"index","follow":"follow","max-snippet":"max-snippet:-1","max-image-preview":"max-image-preview:large","max-video-preview":"max-video-preview:-1"},"og_locale":"en_US","og_type":"article","og_title":"Nachhaltigkeit (ESG) - FORMAXX AG","og_description":"FORMAXX engagiert sich f\u00fcr Nachhaltigkeit und ber\u00fccksichtigt ESG-Kriterien in der unabh\u00e4ngigen Finanzberatung.","og_url":"https:\/\/formaxx.de\/nachhaltigkeit-esg\/","og_site_name":"FORMAXX AG","article_modified_time":"2025-03-28T10:50:01+00:00","og_image":[{"width":1619,"height":1080,"url":"https:\/\/formaxx.de\/wp-content\/uploads\/2021\/07\/Fin_Immo.jpg","type":"image\/jpeg"}],"twitter_card":"summary_large_image","twitter_misc":{"Gesch\u00e4tzte Lesezeit":"5\u00a0Minuten"},"schema":{"@context":"https:\/\/schema.org","@graph":[{"@type":"WebPage","@id":"https:\/\/formaxx.de\/nachhaltigkeit-esg\/","url":"https:\/\/formaxx.de\/nachhaltigkeit-esg\/","name":"Nachhaltigkeit (ESG) - FORMAXX AG","isPartOf":{"@id":"https:\/\/formaxx.de\/#website"},"primaryImageOfPage":{"@id":"https:\/\/formaxx.de\/nachhaltigkeit-esg\/#primaryimage"},"image":{"@id":"https:\/\/formaxx.de\/nachhaltigkeit-esg\/#primaryimage"},"thumbnailUrl":"https:\/\/formaxx.de\/wp-content\/uploads\/2021\/07\/Fin_Immo.jpg","datePublished":"2021-09-02T10:17:41+00:00","dateModified":"2025-03-28T10:50:01+00:00","description":"FORMAXX engagiert sich f\u00fcr Nachhaltigkeit und ber\u00fccksichtigt ESG-Kriterien in der unabh\u00e4ngigen Finanzberatung.","breadcrumb":{"@id":"https:\/\/formaxx.de\/nachhaltigkeit-esg\/#breadcrumb"},"inLanguage":"de","potentialAction":[{"@type":"ReadAction","target":["https:\/\/formaxx.de\/nachhaltigkeit-esg\/"]}]},{"@type":"ImageObject","inLanguage":"de","@id":"https:\/\/formaxx.de\/nachhaltigkeit-esg\/#primaryimage","url":"https:\/\/formaxx.de\/wp-content\/uploads\/2021\/07\/Fin_Immo.jpg","contentUrl":"https:\/\/formaxx.de\/wp-content\/uploads\/2021\/07\/Fin_Immo.jpg","width":1619,"height":1080,"caption":"Beraterschwerpunkt: Finanzierung eignen- und fremdgenutzter Immobilien"},{"@type":"BreadcrumbList","@id":"https:\/\/formaxx.de\/nachhaltigkeit-esg\/#breadcrumb","itemListElement":[{"@type":"ListItem","position":1,"name":"Startseite","item":"https:\/\/formaxx.de\/nds-de\/formaxx-ag\/"},{"@type":"ListItem","position":2,"name":"Nachhaltigkeit (ESG)"}]},{"@type":"WebSite","@id":"https:\/\/formaxx.de\/#website","url":"https:\/\/formaxx.de\/","name":"FORMAXX AG","description":"Ma\u00dfstab in Sachen Finanzberatung","publisher":{"@id":"https:\/\/formaxx.de\/#organization"},"potentialAction":[{"@type":"SearchAction","target":{"@type":"EntryPoint","urlTemplate":"https:\/\/formaxx.de\/?s={search_term_string}"},"query-input":{"@type":"PropertyValueSpecification","valueRequired":true,"valueName":"search_term_string"}}],"inLanguage":"de"},{"@type":"Organization","@id":"https:\/\/formaxx.de\/#organization","name":"FORMAXX AG","url":"https:\/\/formaxx.de\/","logo":{"@type":"ImageObject","inLanguage":"de","@id":"https:\/\/formaxx.de\/#\/schema\/logo\/image\/","url":"https:\/\/formaxx.de\/wp-content\/uploads\/2020\/11\/FORMAXX-Logo.png","contentUrl":"https:\/\/formaxx.de\/wp-content\/uploads\/2020\/11\/FORMAXX-Logo.png","width":1920,"height":242,"caption":"FORMAXX AG"},"image":{"@id":"https:\/\/formaxx.de\/#\/schema\/logo\/image\/"}}]}},"_links":{"self":[{"href":"https:\/\/formaxx.de\/nds-de\/wp-json\/wp\/v2\/pages\/7447","targetHints":{"allow":["GET"]}}],"collection":[{"href":"https:\/\/formaxx.de\/nds-de\/wp-json\/wp\/v2\/pages"}],"about":[{"href":"https:\/\/formaxx.de\/nds-de\/wp-json\/wp\/v2\/types\/page"}],"author":[{"embeddable":true,"href":"https:\/\/formaxx.de\/nds-de\/wp-json\/wp\/v2\/users\/1"}],"replies":[{"embeddable":true,"href":"https:\/\/formaxx.de\/nds-de\/wp-json\/wp\/v2\/comments?post=7447"}],"version-history":[{"count":16,"href":"https:\/\/formaxx.de\/nds-de\/wp-json\/wp\/v2\/pages\/7447\/revisions"}],"predecessor-version":[{"id":7502,"href":"https:\/\/formaxx.de\/nds-de\/wp-json\/wp\/v2\/pages\/7447\/revisions\/7502"}],"wp:featuredmedia":[{"embeddable":true,"href":"https:\/\/formaxx.de\/nds-de\/wp-json\/wp\/v2\/media\/7255"}],"wp:attachment":[{"href":"https:\/\/formaxx.de\/nds-de\/wp-json\/wp\/v2\/media?parent=7447"}],"wp:term":[{"taxonomy":"folder","embeddable":true,"href":"https:\/\/formaxx.de\/nds-de\/wp-json\/wp\/v2\/folder?post=7447"}],"curies":[{"name":"wp","href":"https:\/\/api.w.org\/{rel}","templated":true}]}}