{"id":25186,"date":"2021-09-08T23:52:27","date_gmt":"2021-09-08T21:52:27","guid":{"rendered":"https:\/\/formaxx.de\/leistungen\/din-analyse\/analyse-light\/analyse-light-registrierung\/"},"modified":"2021-09-08T23:52:27","modified_gmt":"2021-09-08T21:52:27","slug":"analyse-light-registrierung","status":"publish","type":"page","link":"https:\/\/formaxx.de\/nds-de\/leistungen\/din-analyse\/analyse-light\/analyse-light-registrierung\/","title":{"rendered":"Analyse Light &#8211; Registrierung"},"content":{"rendered":"\n<h5 class=\"wp-block-heading\">Sie m&ouml;chten eine vollst&auml;ndige, nat&uuml;rlich kostenlose Selbstanalyse durchf&uuml;hren. Dann registrieren Sie sich bitte hier. <br>Wenn Sie sich bereits registriert haben, <a href=\"https:\/\/formaxx.de\/leistungen\/finanzanalyse-nach-din\/analyse-light\/anmelden\/\"><strong>melden Sie sich hier an<\/strong><\/a>. <\/h5>\n\n\n\n<div style=\"height:25px\" aria-hidden=\"true\" class=\"wp-block-spacer\"><\/div>\n\n\n\n<div class=\"wp-block-buttons is-horizontal is-content-justification-right is-layout-flex wp-container-core-buttons-is-layout-30af2ff6 wp-block-buttons-is-layout-flex\"><\/div>\n\n\n\n<div class=\"wpcf7 no-js\" id=\"wpcf7-f7905-o1\" lang=\"de-DE\" dir=\"ltr\" data-wpcf7-id=\"7905\">\n<div class=\"screen-reader-response\"><p role=\"status\" aria-live=\"polite\" aria-atomic=\"true\"><\/p> <ul><\/ul><\/div>\n<form action=\"\/nds-de\/wp-json\/wp\/v2\/pages\/25186#wpcf7-f7905-o1\" method=\"post\" class=\"wpcf7-form init\" aria-label=\"Kontaktformular\" novalidate=\"novalidate\" data-status=\"init\">\n<fieldset class=\"hidden-fields-container\"><input type=\"hidden\" name=\"_wpcf7\" value=\"7905\"><input type=\"hidden\" name=\"_wpcf7_version\" value=\"6.1.5\"><input type=\"hidden\" name=\"_wpcf7_locale\" value=\"de_DE_formal\"><input type=\"hidden\" name=\"_wpcf7_unit_tag\" value=\"wpcf7-f7905-o1\"><input type=\"hidden\" name=\"_wpcf7_container_post\" value=\"0\"><input type=\"hidden\" name=\"_wpcf7_posted_data_hash\" value=\"\"><input type=\"hidden\" name=\"_wpcf7dtx_version\" value=\"5.0.5\">\n<\/fieldset>\n<p><label> Name<\/label><br>\n<span class=\"wpcf7-form-control-wrap\" data-name=\"your-name\"><input size=\"40\" maxlength=\"400\" class=\"wpcf7-form-control wpcf7-text wpcf7-validates-as-required\" aria-required=\"true\" aria-invalid=\"false\" value=\"\" type=\"text\" name=\"your-name\"><\/span>\n<\/p>\n<p><label> E-Mail-Adresse<\/label><br>\n<span class=\"wpcf7-form-control-wrap\" data-name=\"your-email\"><input size=\"40\" maxlength=\"400\" class=\"wpcf7-form-control wpcf7-email wpcf7-validates-as-required wpcf7-text wpcf7-validates-as-email\" aria-required=\"true\" aria-invalid=\"false\" value=\"\" type=\"email\" name=\"your-email\"><\/span>\n<\/p>\n<p><label> Datenschutz<\/label><br>\n<span class=\"wpcf7-form-control-wrap\" data-name=\"Datenschutzakzeptieren\"><span class=\"wpcf7-form-control wpcf7-acceptance\"><span class=\"wpcf7-list-item\"><input type=\"checkbox\" name=\"Datenschutzakzeptieren\" value=\"1\" aria-invalid=\"false\"><\/span><\/span><\/span> Ich habe die <a traget=\"_blank\" href=\"\/datenschutzerklaerung\/\">Datenschutzerkl&auml;rung zur Kenntnis genommen und akzeptiert. (Pflichtfeld)<\/a><br>\n<span class=\"wpcf7-form-control-wrap\" data-name=\"Kontaktaufnahme\"><span class=\"wpcf7-form-control wpcf7-acceptance\"><span class=\"wpcf7-list-item\"><input type=\"checkbox\" name=\"Kontaktaufnahme\" value=\"1\" aria-invalid=\"false\"><\/span><\/span><\/span> Ich stimme zu, dass meine Formularangaben zur Kontaktaufnahme bzw. zur Bearbeitung meines Anliegens gespeichert werden. Ich bin damit einverstanden, dass die FORMAXX AG mich per Telefon und\/oder auf elektronischem Wege (bspw. SMS, Fax, E-Mail) kontaktiert, um mein Anliegen zu kl&auml;ren. <strong>(Pflichtfeld)<\/strong>\n<\/p>\n<p><span class=\"wpcf7-form-control-wrap\" data-name=\"datenverarbeitung\"><span class=\"wpcf7-form-control wpcf7-acceptance\"><span class=\"wpcf7-list-item\"><input type=\"checkbox\" name=\"datenverarbeitung\" value=\"1\" aria-invalid=\"false\"><\/span><\/span><\/span> Mit dem Klick auf &bdquo;Registrieren&ldquo; willige ich zur Datenverarbeitung durch die FORMAXX AG meiner im Rahmen der Finoso Light Analyse angegebenen personenbezogenen Daten zum Zweck der Durchf&uuml;hrung und Auswertung der Selbstanalyse ein. Die Einwilligung kann jederzeit per Mail an datenschutz@formaxx.de oder &uuml;ber die im Impressum angegebenen Kontaktdaten widerrufen werden.<br>\nWird die Einwilligung widerrufen werden Ihre angegebenen personenbezogenen Daten unverz&uuml;glich gel&ouml;scht, wenn keine andere Rechtsgrundlage die Weiterverarbeitung legitimiert oder andere gesetzliche Regelungen, welchen wir unterliegen, dagegensprechen.<br>\nN&auml;here Informationen zur Datenverarbeitung finden Sie in unserer <a traget=\"_blank\" href=\"\/datenschutzerklaerung\/\">Datenschutzerkl&auml;rung<\/a>. <strong>(Pflichtfeld)<\/strong>\n<\/p>\n<span class=\"wpcf7-form-control-wrap widget_daten\" data-name=\"widget_daten\"><input type=\"hidden\" name=\"widget_daten\" class=\"wpcf7-form-control wpcf7-hidden wpcf7dtx wpcf7dtx-hidden\" aria-invalid=\"false\"><\/span>\n<input class=\"wpcf7-form-control wpcf7-hidden\" value=\"finoso_registrierung\" type=\"hidden\" name=\"formular\">\n<div class=\"wpcf7-button\">\n\t<p><input class=\"wpcf7-form-control wpcf7-submit has-spinner\" type=\"submit\" value=\"Registrieren\">\n\t<\/p>\n<\/div><div class=\"wpcf7-response-output\" aria-hidden=\"true\"><\/div>\n<\/form>\n<\/div>\n\n","protected":false},"excerpt":{"rendered":"<p>Sie m\u00f6chten eine vollst\u00e4ndige, nat\u00fcrlich kostenlose Selbstanalyse durchf\u00fchren. Dann registrieren Sie sich bitte hier. Wenn Sie sich bereits registriert haben, melden Sie sich hier an.<\/p>\n","protected":false},"author":4,"featured_media":24544,"parent":25157,"menu_order":0,"comment_status":"closed","ping_status":"closed","template":"","meta":{"_acf_changed":false,"footnotes":""},"folder":[207],"class_list":["post-25186","page","type-page","status-publish","has-post-thumbnail","hentry"],"acf":[],"yoast_head":"<!-- This site is optimized with the Yoast SEO plugin v27.5 - https:\/\/yoast.com\/product\/yoast-seo-wordpress\/ -->\n<title>Analyse Light - Registrierung - FORMAXX AG<\/title>\n<meta name=\"description\" content=\"FORMAXX bietet mit der &quot;Analyse Light&quot; eine kostenlose Finanzanalyse, die Sie durch Registrierung durchf\u00fchren k\u00f6nnen.\" \/>\n<meta name=\"robots\" content=\"index, follow, max-snippet:-1, max-image-preview:large, max-video-preview:-1\" \/>\n<meta property=\"og:locale\" content=\"en_US\" \/>\n<meta property=\"og:type\" content=\"article\" \/>\n<meta property=\"og:title\" content=\"Analyse Light - Registrierung - FORMAXX AG\" \/>\n<meta property=\"og:description\" content=\"FORMAXX bietet mit der &quot;Analyse Light&quot; eine kostenlose Finanzanalyse, die Sie durch Registrierung durchf\u00fchren k\u00f6nnen.\" \/>\n<meta property=\"og:url\" content=\"https:\/\/formaxx.de\/nds-de\/leistungen\/din-analyse\/analyse-light\/analyse-light-registrierung\/\" \/>\n<meta property=\"og:site_name\" content=\"FORMAXX AG\" \/>\n<meta property=\"og:image\" content=\"https:\/\/formaxx.de\/wp-content\/uploads\/2021\/09\/leistungen-din-analyse-light-header.jpg\" \/>\n\t<meta property=\"og:image:width\" content=\"1920\" \/>\n\t<meta property=\"og:image:height\" content=\"823\" \/>\n\t<meta property=\"og:image:type\" content=\"image\/jpeg\" \/>\n<meta name=\"twitter:card\" content=\"summary_large_image\" \/>\n<script type=\"application\/ld+json\" class=\"yoast-schema-graph\">{\"@context\":\"https:\\\/\\\/schema.org\",\"@graph\":[{\"@type\":\"WebPage\",\"@id\":\"https:\\\/\\\/formaxx.de\\\/nds-de\\\/leistungen\\\/din-analyse\\\/analyse-light\\\/analyse-light-registrierung\\\/\",\"url\":\"https:\\\/\\\/formaxx.de\\\/nds-de\\\/leistungen\\\/din-analyse\\\/analyse-light\\\/analyse-light-registrierung\\\/\",\"name\":\"Analyse Light - Registrierung - FORMAXX AG\",\"isPartOf\":{\"@id\":\"https:\\\/\\\/formaxx.de\\\/#website\"},\"primaryImageOfPage\":{\"@id\":\"https:\\\/\\\/formaxx.de\\\/nds-de\\\/leistungen\\\/din-analyse\\\/analyse-light\\\/analyse-light-registrierung\\\/#primaryimage\"},\"image\":{\"@id\":\"https:\\\/\\\/formaxx.de\\\/nds-de\\\/leistungen\\\/din-analyse\\\/analyse-light\\\/analyse-light-registrierung\\\/#primaryimage\"},\"thumbnailUrl\":\"https:\\\/\\\/formaxx.de\\\/wp-content\\\/uploads\\\/2021\\\/09\\\/leistungen-din-analyse-light-header.jpg\",\"datePublished\":\"2021-09-08T21:52:27+00:00\",\"description\":\"FORMAXX bietet mit der \\\"Analyse Light\\\" eine kostenlose Finanzanalyse, die Sie durch Registrierung durchf\u00fchren k\u00f6nnen.\",\"breadcrumb\":{\"@id\":\"https:\\\/\\\/formaxx.de\\\/nds-de\\\/leistungen\\\/din-analyse\\\/analyse-light\\\/analyse-light-registrierung\\\/#breadcrumb\"},\"inLanguage\":\"de\",\"potentialAction\":[{\"@type\":\"ReadAction\",\"target\":[\"https:\\\/\\\/formaxx.de\\\/nds-de\\\/leistungen\\\/din-analyse\\\/analyse-light\\\/analyse-light-registrierung\\\/\"]}]},{\"@type\":\"ImageObject\",\"inLanguage\":\"de\",\"@id\":\"https:\\\/\\\/formaxx.de\\\/nds-de\\\/leistungen\\\/din-analyse\\\/analyse-light\\\/analyse-light-registrierung\\\/#primaryimage\",\"url\":\"https:\\\/\\\/formaxx.de\\\/wp-content\\\/uploads\\\/2021\\\/09\\\/leistungen-din-analyse-light-header.jpg\",\"contentUrl\":\"https:\\\/\\\/formaxx.de\\\/wp-content\\\/uploads\\\/2021\\\/09\\\/leistungen-din-analyse-light-header.jpg\",\"width\":1920,\"height\":823,\"caption\":\"Wir k\u00fcmmern uns um DIN-Analyse\"},{\"@type\":\"BreadcrumbList\",\"@id\":\"https:\\\/\\\/formaxx.de\\\/nds-de\\\/leistungen\\\/din-analyse\\\/analyse-light\\\/analyse-light-registrierung\\\/#breadcrumb\",\"itemListElement\":[{\"@type\":\"ListItem\",\"position\":1,\"name\":\"Startseite\",\"item\":\"https:\\\/\\\/formaxx.de\\\/nds-de\\\/formaxx-ag\\\/\"},{\"@type\":\"ListItem\",\"position\":2,\"name\":\"Leistungen\",\"item\":\"https:\\\/\\\/formaxx.de\\\/nds-de\\\/leistungen\\\/\"},{\"@type\":\"ListItem\",\"position\":3,\"name\":\"DIN-Analyse\",\"item\":\"https:\\\/\\\/formaxx.de\\\/nds-de\\\/leistungen\\\/din-analyse\\\/\"},{\"@type\":\"ListItem\",\"position\":4,\"name\":\"Analyse light\",\"item\":\"https:\\\/\\\/formaxx.de\\\/nds-de\\\/leistungen\\\/din-analyse\\\/analyse-light\\\/\"},{\"@type\":\"ListItem\",\"position\":5,\"name\":\"Analyse Light &#8211; Registrierung\"}]},{\"@type\":\"WebSite\",\"@id\":\"https:\\\/\\\/formaxx.de\\\/#website\",\"url\":\"https:\\\/\\\/formaxx.de\\\/\",\"name\":\"FORMAXX AG\",\"description\":\"Ma\u00dfstab in Sachen Finanzberatung\",\"publisher\":{\"@id\":\"https:\\\/\\\/formaxx.de\\\/#organization\"},\"potentialAction\":[{\"@type\":\"SearchAction\",\"target\":{\"@type\":\"EntryPoint\",\"urlTemplate\":\"https:\\\/\\\/formaxx.de\\\/?s={search_term_string}\"},\"query-input\":{\"@type\":\"PropertyValueSpecification\",\"valueRequired\":true,\"valueName\":\"search_term_string\"}}],\"inLanguage\":\"de\"},{\"@type\":\"Organization\",\"@id\":\"https:\\\/\\\/formaxx.de\\\/#organization\",\"name\":\"FORMAXX AG\",\"url\":\"https:\\\/\\\/formaxx.de\\\/\",\"logo\":{\"@type\":\"ImageObject\",\"inLanguage\":\"de\",\"@id\":\"https:\\\/\\\/formaxx.de\\\/#\\\/schema\\\/logo\\\/image\\\/\",\"url\":\"https:\\\/\\\/formaxx.de\\\/wp-content\\\/uploads\\\/2020\\\/11\\\/FORMAXX-Logo.png\",\"contentUrl\":\"https:\\\/\\\/formaxx.de\\\/wp-content\\\/uploads\\\/2020\\\/11\\\/FORMAXX-Logo.png\",\"width\":1920,\"height\":242,\"caption\":\"FORMAXX AG\"},\"image\":{\"@id\":\"https:\\\/\\\/formaxx.de\\\/#\\\/schema\\\/logo\\\/image\\\/\"}}]}<\/script>\n<!-- \/ Yoast SEO plugin. -->","yoast_head_json":{"title":"Analyse Light - Registrierung - FORMAXX AG","description":"FORMAXX bietet mit der \"Analyse Light\" eine kostenlose Finanzanalyse, die Sie durch Registrierung durchf\u00fchren k\u00f6nnen.","robots":{"index":"index","follow":"follow","max-snippet":"max-snippet:-1","max-image-preview":"max-image-preview:large","max-video-preview":"max-video-preview:-1"},"og_locale":"en_US","og_type":"article","og_title":"Analyse Light - Registrierung - FORMAXX AG","og_description":"FORMAXX bietet mit der \"Analyse Light\" eine kostenlose Finanzanalyse, die Sie durch Registrierung durchf\u00fchren k\u00f6nnen.","og_url":"https:\/\/formaxx.de\/nds-de\/leistungen\/din-analyse\/analyse-light\/analyse-light-registrierung\/","og_site_name":"FORMAXX AG","og_image":[{"width":1920,"height":823,"url":"https:\/\/formaxx.de\/wp-content\/uploads\/2021\/09\/leistungen-din-analyse-light-header.jpg","type":"image\/jpeg"}],"twitter_card":"summary_large_image","schema":{"@context":"https:\/\/schema.org","@graph":[{"@type":"WebPage","@id":"https:\/\/formaxx.de\/nds-de\/leistungen\/din-analyse\/analyse-light\/analyse-light-registrierung\/","url":"https:\/\/formaxx.de\/nds-de\/leistungen\/din-analyse\/analyse-light\/analyse-light-registrierung\/","name":"Analyse Light - Registrierung - FORMAXX AG","isPartOf":{"@id":"https:\/\/formaxx.de\/#website"},"primaryImageOfPage":{"@id":"https:\/\/formaxx.de\/nds-de\/leistungen\/din-analyse\/analyse-light\/analyse-light-registrierung\/#primaryimage"},"image":{"@id":"https:\/\/formaxx.de\/nds-de\/leistungen\/din-analyse\/analyse-light\/analyse-light-registrierung\/#primaryimage"},"thumbnailUrl":"https:\/\/formaxx.de\/wp-content\/uploads\/2021\/09\/leistungen-din-analyse-light-header.jpg","datePublished":"2021-09-08T21:52:27+00:00","description":"FORMAXX bietet mit der \"Analyse Light\" eine kostenlose Finanzanalyse, die Sie durch Registrierung durchf\u00fchren k\u00f6nnen.","breadcrumb":{"@id":"https:\/\/formaxx.de\/nds-de\/leistungen\/din-analyse\/analyse-light\/analyse-light-registrierung\/#breadcrumb"},"inLanguage":"de","potentialAction":[{"@type":"ReadAction","target":["https:\/\/formaxx.de\/nds-de\/leistungen\/din-analyse\/analyse-light\/analyse-light-registrierung\/"]}]},{"@type":"ImageObject","inLanguage":"de","@id":"https:\/\/formaxx.de\/nds-de\/leistungen\/din-analyse\/analyse-light\/analyse-light-registrierung\/#primaryimage","url":"https:\/\/formaxx.de\/wp-content\/uploads\/2021\/09\/leistungen-din-analyse-light-header.jpg","contentUrl":"https:\/\/formaxx.de\/wp-content\/uploads\/2021\/09\/leistungen-din-analyse-light-header.jpg","width":1920,"height":823,"caption":"Wir k\u00fcmmern uns um DIN-Analyse"},{"@type":"BreadcrumbList","@id":"https:\/\/formaxx.de\/nds-de\/leistungen\/din-analyse\/analyse-light\/analyse-light-registrierung\/#breadcrumb","itemListElement":[{"@type":"ListItem","position":1,"name":"Startseite","item":"https:\/\/formaxx.de\/nds-de\/formaxx-ag\/"},{"@type":"ListItem","position":2,"name":"Leistungen","item":"https:\/\/formaxx.de\/nds-de\/leistungen\/"},{"@type":"ListItem","position":3,"name":"DIN-Analyse","item":"https:\/\/formaxx.de\/nds-de\/leistungen\/din-analyse\/"},{"@type":"ListItem","position":4,"name":"Analyse light","item":"https:\/\/formaxx.de\/nds-de\/leistungen\/din-analyse\/analyse-light\/"},{"@type":"ListItem","position":5,"name":"Analyse Light &#8211; Registrierung"}]},{"@type":"WebSite","@id":"https:\/\/formaxx.de\/#website","url":"https:\/\/formaxx.de\/","name":"FORMAXX AG","description":"Ma\u00dfstab in Sachen Finanzberatung","publisher":{"@id":"https:\/\/formaxx.de\/#organization"},"potentialAction":[{"@type":"SearchAction","target":{"@type":"EntryPoint","urlTemplate":"https:\/\/formaxx.de\/?s={search_term_string}"},"query-input":{"@type":"PropertyValueSpecification","valueRequired":true,"valueName":"search_term_string"}}],"inLanguage":"de"},{"@type":"Organization","@id":"https:\/\/formaxx.de\/#organization","name":"FORMAXX AG","url":"https:\/\/formaxx.de\/","logo":{"@type":"ImageObject","inLanguage":"de","@id":"https:\/\/formaxx.de\/#\/schema\/logo\/image\/","url":"https:\/\/formaxx.de\/wp-content\/uploads\/2020\/11\/FORMAXX-Logo.png","contentUrl":"https:\/\/formaxx.de\/wp-content\/uploads\/2020\/11\/FORMAXX-Logo.png","width":1920,"height":242,"caption":"FORMAXX AG"},"image":{"@id":"https:\/\/formaxx.de\/#\/schema\/logo\/image\/"}}]}},"_links":{"self":[{"href":"https:\/\/formaxx.de\/nds-de\/wp-json\/wp\/v2\/pages\/25186","targetHints":{"allow":["GET"]}}],"collection":[{"href":"https:\/\/formaxx.de\/nds-de\/wp-json\/wp\/v2\/pages"}],"about":[{"href":"https:\/\/formaxx.de\/nds-de\/wp-json\/wp\/v2\/types\/page"}],"author":[{"embeddable":true,"href":"https:\/\/formaxx.de\/nds-de\/wp-json\/wp\/v2\/users\/4"}],"replies":[{"embeddable":true,"href":"https:\/\/formaxx.de\/nds-de\/wp-json\/wp\/v2\/comments?post=25186"}],"version-history":[{"count":0,"href":"https:\/\/formaxx.de\/nds-de\/wp-json\/wp\/v2\/pages\/25186\/revisions"}],"up":[{"embeddable":true,"href":"https:\/\/formaxx.de\/nds-de\/wp-json\/wp\/v2\/pages\/25157"}],"wp:featuredmedia":[{"embeddable":true,"href":"https:\/\/formaxx.de\/nds-de\/wp-json\/wp\/v2\/media\/24544"}],"wp:attachment":[{"href":"https:\/\/formaxx.de\/nds-de\/wp-json\/wp\/v2\/media?parent=25186"}],"wp:term":[{"taxonomy":"folder","embeddable":true,"href":"https:\/\/formaxx.de\/nds-de\/wp-json\/wp\/v2\/folder?post=25186"}],"curies":[{"name":"wp","href":"https:\/\/api.w.org\/{rel}","templated":true}]}}