{"id":25176,"date":"2021-06-08T11:35:54","date_gmt":"2021-06-08T09:35:54","guid":{"rendered":"https:\/\/formaxx.de\/formaxx-firmenberatung\/leistungen\/"},"modified":"2021-06-08T11:35:54","modified_gmt":"2021-06-08T09:35:54","slug":"leistungen","status":"publish","type":"page","link":"https:\/\/formaxx.de\/nds-de\/formaxx-firmenberatung\/leistungen\/","title":{"rendered":"Leistungen"},"content":{"rendered":"\t\t<div data-elementor-type=\"wp-page\" data-elementor-id=\"25176\" class=\"elementor elementor-25176\" data-elementor-post-type=\"page\">\n\t\t\t\t\t\t<section class=\"elementor-section elementor-top-section elementor-element elementor-element-4c031f6 elementor-section-boxed elementor-section-height-default elementor-section-height-default\" data-id=\"4c031f6\" data-element_type=\"section\" data-e-type=\"section\">\n\t\t\t\t\t\t<div class=\"elementor-container elementor-column-gap-default\">\n\t\t\t\t\t<div class=\"elementor-column elementor-col-100 elementor-top-column elementor-element elementor-element-a077a21\" data-id=\"a077a21\" data-element_type=\"column\" data-e-type=\"column\">\n\t\t\t<div class=\"elementor-widget-wrap elementor-element-populated\">\n\t\t\t\t\t\t<div class=\"elementor-element elementor-element-7e85fca elementor-widget elementor-widget-heading\" data-id=\"7e85fca\" data-element_type=\"widget\" data-e-type=\"widget\" data-widget_type=\"heading.default\">\n\t\t\t\t<div class=\"elementor-widget-container\">\n\t\t\t\t\t<h2 class=\"elementor-heading-title elementor-size-default\">Impulse setzen f&uuml;r<\/h2>\t\t\t\t<\/div>\n\t\t\t\t<\/div>\n\t\t\t\t<div class=\"elementor-element elementor-element-285024a elementor-widget elementor-widget-heading\" data-id=\"285024a\" data-element_type=\"widget\" data-e-type=\"widget\" data-widget_type=\"heading.default\">\n\t\t\t\t<div class=\"elementor-widget-container\">\n\t\t\t\t\t<h3 class=\"elementor-heading-title elementor-size-default\">Anhaltenden Erfolg<\/h3>\t\t\t\t<\/div>\n\t\t\t\t<\/div>\n\t\t\t\t<div class=\"elementor-element elementor-element-bbc9517 elementor-widget elementor-widget-text-editor\" data-id=\"bbc9517\" data-element_type=\"widget\" data-e-type=\"widget\" data-widget_type=\"text-editor.default\">\n\t\t\t\t<div class=\"elementor-widget-container\">\n\t\t\t\t\t\t\t\t\t<p>Die einzige Konstante ist der stetige Wandel. Die gro&szlig;en Herausforderungen der n&auml;chsten Jahre erfordern Wachsamkeit und Innovationsf&auml;higkeit f&uuml;r eine erfolgreiche Zukunft. Die Digitalisierung schreitet mit unglaublicher Geschwindigkeit voran und der Kampf um die Talente auf dem Arbeitsmarkt hat begonnen. Risiken minimieren, Chancen nutzen &ndash; unser ganzheitlicher Beratungsansatz f&uuml;r Firmen bietet folgende L&ouml;sungen:<\/p><ul><li>Mit innovativen Konzepten eine hohe Bindung und Motivation bestehender Fachkr&auml;fte f&ouml;rdern, Unterst&uuml;tzung beim Gewinnen neuer Mitarbeiter<\/li><li>Personalkostenoptimierung durch steuer- und sozialversicherungsfreie Lohnbausteine<\/li><li>Fehlzeitenminimierung, betriebliches Gesundheitsmanagement, betriebliche Krankenversicherung<\/li><li>Risikomanagement f&uuml;r Schl&uuml;sselpersonen und sinnvolle L&ouml;sungen f&uuml;r das Thema Unternehmervollmachten und Verf&uuml;gungen etablieren<\/li><li>Absicherungen der Sachwerte zu einem fairen Preis &ndash; der Versicherungscheck<\/li><li>Intelligente Vorsorgel&ouml;sungen f&uuml;r Unternehmer und Angeh&ouml;rige<\/li><li>&Uuml;berpr&uuml;fung von Versorgungszusagen der Gesch&auml;ftsf&uuml;hrung<\/li><li>Bestehende Modelle in der betrieblichen Altersvorsorge pr&uuml;fen und optimieren<\/li><li>Enthaftung des Unternehmens, Einrichtung von Versorgungsordnungen<\/li><li>Energiekosten sparen durch einen unabh&auml;ngigen Kostenvergleich bei Strom und Gas<\/li><\/ul><p>&nbsp;<\/p><p>Wir stehen gerne f&uuml;r einen ersten Austausch und ein Kennenlernen zur Verf&uuml;gung &ndash; auch online.<\/p>\t\t\t\t\t\t\t\t<\/div>\n\t\t\t\t<\/div>\n\t\t\t\t<div class=\"elementor-element elementor-element-0c1ffb8 balken-beige-breit elementor-widget elementor-widget-text-editor\" data-id=\"0c1ffb8\" data-element_type=\"widget\" data-e-type=\"widget\" data-widget_type=\"text-editor.default\">\n\t\t\t\t<div class=\"elementor-widget-container\">\n\t\t\t\t\t\t\t\t\t<h4 style=\"text-align: right;\"><mark>Erfolg hat nur, wer etwas tut, w&auml;hrend er auf den Erfolg wartet.<\/mark><\/h4>\t\t\t\t\t\t\t\t<\/div>\n\t\t\t\t<\/div>\n\t\t\t\t<div class=\"elementor-element elementor-element-7798601 elementor-widget elementor-widget-text-editor\" data-id=\"7798601\" data-element_type=\"widget\" data-e-type=\"widget\" data-widget_type=\"text-editor.default\">\n\t\t\t\t<div class=\"elementor-widget-container\">\n\t\t\t\t\t\t\t\t\t<p style=\"text-align: right;\">Thomas Alva Edison (1847-1931), amerikanischer Erfinder<\/p>\t\t\t\t\t\t\t\t<\/div>\n\t\t\t\t<\/div>\n\t\t\t\t\t<\/div>\n\t\t<\/div>\n\t\t\t\t\t<\/div>\n\t\t<\/section>\n\t\t\t\t<\/div>\n\t\t","protected":false},"excerpt":{"rendered":"<p>Impulse geben f\u00fcr Dauerhaften Erfolg Ver\u00e4nderung ist das Einzige, was immer bleibt. Die gro\u00dfen Herausforderungen der n\u00e4chsten Jahre brauchen Aufmerksamkeit und die F\u00e4higkeit, neue Ideen umzusetzen, um erfolgreich zu sein. Die Digitalisierung entwickelt sich sehr schnell und der Wettbewerb um gute Fachkr\u00e4fte auf dem Arbeitsmarkt hat begonnen. Risiken zu verringern und Chancen zu nutzen \u2013 [&hellip;]<\/p>\n","protected":false},"author":1,"featured_media":24626,"parent":25174,"menu_order":0,"comment_status":"closed","ping_status":"closed","template":"","meta":{"_acf_changed":false,"footnotes":""},"folder":[54],"class_list":["post-25176","page","type-page","status-publish","has-post-thumbnail","hentry"],"acf":[],"yoast_head":"<!-- This site is optimized with the Yoast SEO plugin v27.5 - https:\/\/yoast.com\/product\/yoast-seo-wordpress\/ -->\n<title>Leistungen - FORMAXX AG<\/title>\n<meta name=\"description\" content=\"FORMAXX bietet Unternehmen Beratung in Mitarbeiterbenefits, Gesundheitsmanagement, Versorgungsmanagement und Sicherheitsl\u00f6sungen.\" \/>\n<meta name=\"robots\" content=\"index, follow, max-snippet:-1, max-image-preview:large, max-video-preview:-1\" \/>\n<meta property=\"og:locale\" content=\"en_US\" \/>\n<meta property=\"og:type\" content=\"article\" \/>\n<meta property=\"og:title\" content=\"Leistungen - FORMAXX AG\" \/>\n<meta property=\"og:description\" content=\"FORMAXX bietet Unternehmen Beratung in Mitarbeiterbenefits, Gesundheitsmanagement, Versorgungsmanagement und Sicherheitsl\u00f6sungen.\" \/>\n<meta property=\"og:url\" content=\"https:\/\/formaxx.de\/nds-de\/formaxx-firmenberatung\/leistungen\/\" \/>\n<meta property=\"og:site_name\" content=\"FORMAXX AG\" \/>\n<meta property=\"og:image\" content=\"https:\/\/formaxx.de\/wp-content\/uploads\/2021\/09\/firmenberatung-leistungen-header.jpg\" \/>\n\t<meta property=\"og:image:width\" content=\"1920\" \/>\n\t<meta property=\"og:image:height\" content=\"823\" \/>\n\t<meta property=\"og:image:type\" content=\"image\/jpeg\" \/>\n<meta name=\"twitter:card\" content=\"summary_large_image\" \/>\n<meta name=\"twitter:label1\" content=\"Gesch\u00e4tzte Lesezeit\" \/>\n\t<meta name=\"twitter:data1\" content=\"2\u00a0Minuten\" \/>\n<script type=\"application\/ld+json\" class=\"yoast-schema-graph\">{\"@context\":\"https:\\\/\\\/schema.org\",\"@graph\":[{\"@type\":\"WebPage\",\"@id\":\"https:\\\/\\\/formaxx.de\\\/nds-de\\\/formaxx-firmenberatung\\\/leistungen\\\/\",\"url\":\"https:\\\/\\\/formaxx.de\\\/nds-de\\\/formaxx-firmenberatung\\\/leistungen\\\/\",\"name\":\"Leistungen - FORMAXX AG\",\"isPartOf\":{\"@id\":\"https:\\\/\\\/formaxx.de\\\/#website\"},\"primaryImageOfPage\":{\"@id\":\"https:\\\/\\\/formaxx.de\\\/nds-de\\\/formaxx-firmenberatung\\\/leistungen\\\/#primaryimage\"},\"image\":{\"@id\":\"https:\\\/\\\/formaxx.de\\\/nds-de\\\/formaxx-firmenberatung\\\/leistungen\\\/#primaryimage\"},\"thumbnailUrl\":\"https:\\\/\\\/formaxx.de\\\/wp-content\\\/uploads\\\/2021\\\/09\\\/firmenberatung-leistungen-header.jpg\",\"datePublished\":\"2021-06-08T09:35:54+00:00\",\"description\":\"FORMAXX bietet Unternehmen Beratung in Mitarbeiterbenefits, Gesundheitsmanagement, Versorgungsmanagement und Sicherheitsl\u00f6sungen.\",\"breadcrumb\":{\"@id\":\"https:\\\/\\\/formaxx.de\\\/nds-de\\\/formaxx-firmenberatung\\\/leistungen\\\/#breadcrumb\"},\"inLanguage\":\"de\",\"potentialAction\":[{\"@type\":\"ReadAction\",\"target\":[\"https:\\\/\\\/formaxx.de\\\/nds-de\\\/formaxx-firmenberatung\\\/leistungen\\\/\"]}]},{\"@type\":\"ImageObject\",\"inLanguage\":\"de\",\"@id\":\"https:\\\/\\\/formaxx.de\\\/nds-de\\\/formaxx-firmenberatung\\\/leistungen\\\/#primaryimage\",\"url\":\"https:\\\/\\\/formaxx.de\\\/wp-content\\\/uploads\\\/2021\\\/09\\\/firmenberatung-leistungen-header.jpg\",\"contentUrl\":\"https:\\\/\\\/formaxx.de\\\/wp-content\\\/uploads\\\/2021\\\/09\\\/firmenberatung-leistungen-header.jpg\",\"width\":1920,\"height\":823,\"caption\":\"FORMAXX Firmenberatung: Leistungen\"},{\"@type\":\"BreadcrumbList\",\"@id\":\"https:\\\/\\\/formaxx.de\\\/nds-de\\\/formaxx-firmenberatung\\\/leistungen\\\/#breadcrumb\",\"itemListElement\":[{\"@type\":\"ListItem\",\"position\":1,\"name\":\"Startseite\",\"item\":\"https:\\\/\\\/formaxx.de\\\/nds-de\\\/formaxx-ag\\\/\"},{\"@type\":\"ListItem\",\"position\":2,\"name\":\"FORMAXX-Firmenberatung\",\"item\":\"https:\\\/\\\/formaxx.de\\\/nds-de\\\/formaxx-firmenberatung\\\/\"},{\"@type\":\"ListItem\",\"position\":3,\"name\":\"Leistungen\"}]},{\"@type\":\"WebSite\",\"@id\":\"https:\\\/\\\/formaxx.de\\\/#website\",\"url\":\"https:\\\/\\\/formaxx.de\\\/\",\"name\":\"FORMAXX AG\",\"description\":\"Ma\u00dfstab in Sachen Finanzberatung\",\"publisher\":{\"@id\":\"https:\\\/\\\/formaxx.de\\\/#organization\"},\"potentialAction\":[{\"@type\":\"SearchAction\",\"target\":{\"@type\":\"EntryPoint\",\"urlTemplate\":\"https:\\\/\\\/formaxx.de\\\/?s={search_term_string}\"},\"query-input\":{\"@type\":\"PropertyValueSpecification\",\"valueRequired\":true,\"valueName\":\"search_term_string\"}}],\"inLanguage\":\"de\"},{\"@type\":\"Organization\",\"@id\":\"https:\\\/\\\/formaxx.de\\\/#organization\",\"name\":\"FORMAXX AG\",\"url\":\"https:\\\/\\\/formaxx.de\\\/\",\"logo\":{\"@type\":\"ImageObject\",\"inLanguage\":\"de\",\"@id\":\"https:\\\/\\\/formaxx.de\\\/#\\\/schema\\\/logo\\\/image\\\/\",\"url\":\"https:\\\/\\\/formaxx.de\\\/wp-content\\\/uploads\\\/2020\\\/11\\\/FORMAXX-Logo.png\",\"contentUrl\":\"https:\\\/\\\/formaxx.de\\\/wp-content\\\/uploads\\\/2020\\\/11\\\/FORMAXX-Logo.png\",\"width\":1920,\"height\":242,\"caption\":\"FORMAXX AG\"},\"image\":{\"@id\":\"https:\\\/\\\/formaxx.de\\\/#\\\/schema\\\/logo\\\/image\\\/\"}}]}<\/script>\n<!-- \/ Yoast SEO plugin. -->","yoast_head_json":{"title":"Leistungen - FORMAXX AG","description":"FORMAXX bietet Unternehmen Beratung in Mitarbeiterbenefits, Gesundheitsmanagement, Versorgungsmanagement und Sicherheitsl\u00f6sungen.","robots":{"index":"index","follow":"follow","max-snippet":"max-snippet:-1","max-image-preview":"max-image-preview:large","max-video-preview":"max-video-preview:-1"},"og_locale":"en_US","og_type":"article","og_title":"Leistungen - FORMAXX AG","og_description":"FORMAXX bietet Unternehmen Beratung in Mitarbeiterbenefits, Gesundheitsmanagement, Versorgungsmanagement und Sicherheitsl\u00f6sungen.","og_url":"https:\/\/formaxx.de\/nds-de\/formaxx-firmenberatung\/leistungen\/","og_site_name":"FORMAXX AG","og_image":[{"width":1920,"height":823,"url":"https:\/\/formaxx.de\/wp-content\/uploads\/2021\/09\/firmenberatung-leistungen-header.jpg","type":"image\/jpeg"}],"twitter_card":"summary_large_image","twitter_misc":{"Gesch\u00e4tzte Lesezeit":"2\u00a0Minuten"},"schema":{"@context":"https:\/\/schema.org","@graph":[{"@type":"WebPage","@id":"https:\/\/formaxx.de\/nds-de\/formaxx-firmenberatung\/leistungen\/","url":"https:\/\/formaxx.de\/nds-de\/formaxx-firmenberatung\/leistungen\/","name":"Leistungen - FORMAXX AG","isPartOf":{"@id":"https:\/\/formaxx.de\/#website"},"primaryImageOfPage":{"@id":"https:\/\/formaxx.de\/nds-de\/formaxx-firmenberatung\/leistungen\/#primaryimage"},"image":{"@id":"https:\/\/formaxx.de\/nds-de\/formaxx-firmenberatung\/leistungen\/#primaryimage"},"thumbnailUrl":"https:\/\/formaxx.de\/wp-content\/uploads\/2021\/09\/firmenberatung-leistungen-header.jpg","datePublished":"2021-06-08T09:35:54+00:00","description":"FORMAXX bietet Unternehmen Beratung in Mitarbeiterbenefits, Gesundheitsmanagement, Versorgungsmanagement und Sicherheitsl\u00f6sungen.","breadcrumb":{"@id":"https:\/\/formaxx.de\/nds-de\/formaxx-firmenberatung\/leistungen\/#breadcrumb"},"inLanguage":"de","potentialAction":[{"@type":"ReadAction","target":["https:\/\/formaxx.de\/nds-de\/formaxx-firmenberatung\/leistungen\/"]}]},{"@type":"ImageObject","inLanguage":"de","@id":"https:\/\/formaxx.de\/nds-de\/formaxx-firmenberatung\/leistungen\/#primaryimage","url":"https:\/\/formaxx.de\/wp-content\/uploads\/2021\/09\/firmenberatung-leistungen-header.jpg","contentUrl":"https:\/\/formaxx.de\/wp-content\/uploads\/2021\/09\/firmenberatung-leistungen-header.jpg","width":1920,"height":823,"caption":"FORMAXX Firmenberatung: Leistungen"},{"@type":"BreadcrumbList","@id":"https:\/\/formaxx.de\/nds-de\/formaxx-firmenberatung\/leistungen\/#breadcrumb","itemListElement":[{"@type":"ListItem","position":1,"name":"Startseite","item":"https:\/\/formaxx.de\/nds-de\/formaxx-ag\/"},{"@type":"ListItem","position":2,"name":"FORMAXX-Firmenberatung","item":"https:\/\/formaxx.de\/nds-de\/formaxx-firmenberatung\/"},{"@type":"ListItem","position":3,"name":"Leistungen"}]},{"@type":"WebSite","@id":"https:\/\/formaxx.de\/#website","url":"https:\/\/formaxx.de\/","name":"FORMAXX AG","description":"Ma\u00dfstab in Sachen Finanzberatung","publisher":{"@id":"https:\/\/formaxx.de\/#organization"},"potentialAction":[{"@type":"SearchAction","target":{"@type":"EntryPoint","urlTemplate":"https:\/\/formaxx.de\/?s={search_term_string}"},"query-input":{"@type":"PropertyValueSpecification","valueRequired":true,"valueName":"search_term_string"}}],"inLanguage":"de"},{"@type":"Organization","@id":"https:\/\/formaxx.de\/#organization","name":"FORMAXX AG","url":"https:\/\/formaxx.de\/","logo":{"@type":"ImageObject","inLanguage":"de","@id":"https:\/\/formaxx.de\/#\/schema\/logo\/image\/","url":"https:\/\/formaxx.de\/wp-content\/uploads\/2020\/11\/FORMAXX-Logo.png","contentUrl":"https:\/\/formaxx.de\/wp-content\/uploads\/2020\/11\/FORMAXX-Logo.png","width":1920,"height":242,"caption":"FORMAXX AG"},"image":{"@id":"https:\/\/formaxx.de\/#\/schema\/logo\/image\/"}}]}},"_links":{"self":[{"href":"https:\/\/formaxx.de\/nds-de\/wp-json\/wp\/v2\/pages\/25176","targetHints":{"allow":["GET"]}}],"collection":[{"href":"https:\/\/formaxx.de\/nds-de\/wp-json\/wp\/v2\/pages"}],"about":[{"href":"https:\/\/formaxx.de\/nds-de\/wp-json\/wp\/v2\/types\/page"}],"author":[{"embeddable":true,"href":"https:\/\/formaxx.de\/nds-de\/wp-json\/wp\/v2\/users\/1"}],"replies":[{"embeddable":true,"href":"https:\/\/formaxx.de\/nds-de\/wp-json\/wp\/v2\/comments?post=25176"}],"version-history":[{"count":0,"href":"https:\/\/formaxx.de\/nds-de\/wp-json\/wp\/v2\/pages\/25176\/revisions"}],"up":[{"embeddable":true,"href":"https:\/\/formaxx.de\/nds-de\/wp-json\/wp\/v2\/pages\/25174"}],"wp:featuredmedia":[{"embeddable":true,"href":"https:\/\/formaxx.de\/nds-de\/wp-json\/wp\/v2\/media\/24626"}],"wp:attachment":[{"href":"https:\/\/formaxx.de\/nds-de\/wp-json\/wp\/v2\/media?parent=25176"}],"wp:term":[{"taxonomy":"folder","embeddable":true,"href":"https:\/\/formaxx.de\/nds-de\/wp-json\/wp\/v2\/folder?post=25176"}],"curies":[{"name":"wp","href":"https:\/\/api.w.org\/{rel}","templated":true}]}}