{"id":25157,"date":"2021-02-05T16:59:40","date_gmt":"2021-02-05T15:59:40","guid":{"rendered":"https:\/\/formaxx.de\/leistungen\/din-analyse\/analyse-light\/"},"modified":"2021-02-05T16:59:40","modified_gmt":"2021-02-05T15:59:40","slug":"analyse-light","status":"publish","type":"page","link":"https:\/\/formaxx.de\/nds-de\/leistungen\/din-analyse\/analyse-light\/","title":{"rendered":"Analyse light"},"content":{"rendered":"\n<h2 class=\"wp-block-heading\">Finanzsituation selbst analysieren<\/h2>\n\n\n\n<h3 class=\"wp-block-heading\">Kostenlos und unverbindlich<\/h3>\n\n\n\n<div id=\"finoso_widget_div\" style=\"display:block; width:100%;\"> \n  <iframe id=\"finoso_widget_iframe\" src=\"https:\/\/formaxx-widget.finoso.de\" scrolling=\"no\" marginheight=\"0px\" marginwidth=\"0\" width=\"100%\" height=\"780px;\" frameborder=\"0\">\n  <\/iframe>\n  <\/div>\n\n\n\n<div style=\"height:25px\" aria-hidden=\"true\" class=\"wp-block-spacer\"><\/div>\n\n\n\n<h5 class=\"wp-block-heading\">F&uuml;r eine vollst&auml;ndige, nat&uuml;rlich kostenlose Selbstanalyse <a style=\"color:#191A51 ;font-weight:800;\" href=\"https:\/\/formaxx.de\/leistungen\/finanzanalyse-nach-din\/analyse-light\/registrieren\/\">hier registrieren<\/a> oder <a style=\"color:#191A51 ;font-weight:800;\" href=\"https:\/\/formaxx.de\/leistungen\/finanzanalyse-nach-din\/analyse-light\/anmelden\/\">hier anmelden<\/a>.<\/h5>\n","protected":false},"excerpt":{"rendered":"<p>Finanzsituation selbst analysieren Kostenlos und unverbindlich F\u00fcr eine vollst\u00e4ndige, nat\u00fcrlich kostenlose Selbstanalyse hier registrieren oder hier anmelden.<\/p>\n","protected":false},"author":1,"featured_media":24544,"parent":25123,"menu_order":0,"comment_status":"closed","ping_status":"closed","template":"elementor_theme","meta":{"_acf_changed":false,"footnotes":""},"folder":[207],"class_list":["post-25157","page","type-page","status-publish","has-post-thumbnail","hentry"],"acf":[],"yoast_head":"<!-- This site is optimized with the Yoast SEO plugin v27.5 - https:\/\/yoast.com\/product\/yoast-seo-wordpress\/ -->\n<title>Analyse light - FORMAXX AG<\/title>\n<meta name=\"description\" content=\"FORMAXX bietet mit der &quot;Analyse light&quot; eine schnelle, standardisierte Finanzanalyse nach DIN 77230 f\u00fcr Ihre finanzielle Sicherheit.\" \/>\n<meta name=\"robots\" content=\"index, follow, max-snippet:-1, max-image-preview:large, max-video-preview:-1\" \/>\n<meta property=\"og:locale\" content=\"en_US\" \/>\n<meta property=\"og:type\" content=\"article\" \/>\n<meta property=\"og:title\" content=\"Analyse light - FORMAXX AG\" \/>\n<meta property=\"og:description\" content=\"FORMAXX bietet mit der &quot;Analyse light&quot; eine schnelle, standardisierte Finanzanalyse nach DIN 77230 f\u00fcr Ihre finanzielle Sicherheit.\" \/>\n<meta property=\"og:url\" content=\"https:\/\/formaxx.de\/nds-de\/leistungen\/din-analyse\/analyse-light\/\" \/>\n<meta property=\"og:site_name\" content=\"FORMAXX AG\" \/>\n<meta property=\"og:image\" content=\"https:\/\/formaxx.de\/wp-content\/uploads\/2021\/09\/leistungen-din-analyse-light-header.jpg\" \/>\n\t<meta property=\"og:image:width\" content=\"1920\" \/>\n\t<meta property=\"og:image:height\" content=\"823\" \/>\n\t<meta property=\"og:image:type\" content=\"image\/jpeg\" \/>\n<meta name=\"twitter:card\" content=\"summary_large_image\" \/>\n<script type=\"application\/ld+json\" class=\"yoast-schema-graph\">{\"@context\":\"https:\\\/\\\/schema.org\",\"@graph\":[{\"@type\":\"WebPage\",\"@id\":\"https:\\\/\\\/formaxx.de\\\/nds-de\\\/leistungen\\\/din-analyse\\\/analyse-light\\\/\",\"url\":\"https:\\\/\\\/formaxx.de\\\/nds-de\\\/leistungen\\\/din-analyse\\\/analyse-light\\\/\",\"name\":\"Analyse light - FORMAXX AG\",\"isPartOf\":{\"@id\":\"https:\\\/\\\/formaxx.de\\\/#website\"},\"primaryImageOfPage\":{\"@id\":\"https:\\\/\\\/formaxx.de\\\/nds-de\\\/leistungen\\\/din-analyse\\\/analyse-light\\\/#primaryimage\"},\"image\":{\"@id\":\"https:\\\/\\\/formaxx.de\\\/nds-de\\\/leistungen\\\/din-analyse\\\/analyse-light\\\/#primaryimage\"},\"thumbnailUrl\":\"https:\\\/\\\/formaxx.de\\\/wp-content\\\/uploads\\\/2021\\\/09\\\/leistungen-din-analyse-light-header.jpg\",\"datePublished\":\"2021-02-05T15:59:40+00:00\",\"description\":\"FORMAXX bietet mit der \\\"Analyse light\\\" eine schnelle, standardisierte Finanzanalyse nach DIN 77230 f\u00fcr Ihre finanzielle Sicherheit.\",\"breadcrumb\":{\"@id\":\"https:\\\/\\\/formaxx.de\\\/nds-de\\\/leistungen\\\/din-analyse\\\/analyse-light\\\/#breadcrumb\"},\"inLanguage\":\"de\",\"potentialAction\":[{\"@type\":\"ReadAction\",\"target\":[\"https:\\\/\\\/formaxx.de\\\/nds-de\\\/leistungen\\\/din-analyse\\\/analyse-light\\\/\"]}]},{\"@type\":\"ImageObject\",\"inLanguage\":\"de\",\"@id\":\"https:\\\/\\\/formaxx.de\\\/nds-de\\\/leistungen\\\/din-analyse\\\/analyse-light\\\/#primaryimage\",\"url\":\"https:\\\/\\\/formaxx.de\\\/wp-content\\\/uploads\\\/2021\\\/09\\\/leistungen-din-analyse-light-header.jpg\",\"contentUrl\":\"https:\\\/\\\/formaxx.de\\\/wp-content\\\/uploads\\\/2021\\\/09\\\/leistungen-din-analyse-light-header.jpg\",\"width\":1920,\"height\":823,\"caption\":\"Wir k\u00fcmmern uns um DIN-Analyse\"},{\"@type\":\"BreadcrumbList\",\"@id\":\"https:\\\/\\\/formaxx.de\\\/nds-de\\\/leistungen\\\/din-analyse\\\/analyse-light\\\/#breadcrumb\",\"itemListElement\":[{\"@type\":\"ListItem\",\"position\":1,\"name\":\"Startseite\",\"item\":\"https:\\\/\\\/formaxx.de\\\/nds-de\\\/formaxx-ag\\\/\"},{\"@type\":\"ListItem\",\"position\":2,\"name\":\"Leistungen\",\"item\":\"https:\\\/\\\/formaxx.de\\\/nds-de\\\/leistungen\\\/\"},{\"@type\":\"ListItem\",\"position\":3,\"name\":\"DIN-Analyse\",\"item\":\"https:\\\/\\\/formaxx.de\\\/nds-de\\\/leistungen\\\/din-analyse\\\/\"},{\"@type\":\"ListItem\",\"position\":4,\"name\":\"Analyse light\"}]},{\"@type\":\"WebSite\",\"@id\":\"https:\\\/\\\/formaxx.de\\\/#website\",\"url\":\"https:\\\/\\\/formaxx.de\\\/\",\"name\":\"FORMAXX AG\",\"description\":\"Ma\u00dfstab in Sachen Finanzberatung\",\"publisher\":{\"@id\":\"https:\\\/\\\/formaxx.de\\\/#organization\"},\"potentialAction\":[{\"@type\":\"SearchAction\",\"target\":{\"@type\":\"EntryPoint\",\"urlTemplate\":\"https:\\\/\\\/formaxx.de\\\/?s={search_term_string}\"},\"query-input\":{\"@type\":\"PropertyValueSpecification\",\"valueRequired\":true,\"valueName\":\"search_term_string\"}}],\"inLanguage\":\"de\"},{\"@type\":\"Organization\",\"@id\":\"https:\\\/\\\/formaxx.de\\\/#organization\",\"name\":\"FORMAXX AG\",\"url\":\"https:\\\/\\\/formaxx.de\\\/\",\"logo\":{\"@type\":\"ImageObject\",\"inLanguage\":\"de\",\"@id\":\"https:\\\/\\\/formaxx.de\\\/#\\\/schema\\\/logo\\\/image\\\/\",\"url\":\"https:\\\/\\\/formaxx.de\\\/wp-content\\\/uploads\\\/2020\\\/11\\\/FORMAXX-Logo.png\",\"contentUrl\":\"https:\\\/\\\/formaxx.de\\\/wp-content\\\/uploads\\\/2020\\\/11\\\/FORMAXX-Logo.png\",\"width\":1920,\"height\":242,\"caption\":\"FORMAXX AG\"},\"image\":{\"@id\":\"https:\\\/\\\/formaxx.de\\\/#\\\/schema\\\/logo\\\/image\\\/\"}}]}<\/script>\n<!-- \/ Yoast SEO plugin. -->","yoast_head_json":{"title":"Analyse light - FORMAXX AG","description":"FORMAXX bietet mit der \"Analyse light\" eine schnelle, standardisierte Finanzanalyse nach DIN 77230 f\u00fcr Ihre finanzielle Sicherheit.","robots":{"index":"index","follow":"follow","max-snippet":"max-snippet:-1","max-image-preview":"max-image-preview:large","max-video-preview":"max-video-preview:-1"},"og_locale":"en_US","og_type":"article","og_title":"Analyse light - FORMAXX AG","og_description":"FORMAXX bietet mit der \"Analyse light\" eine schnelle, standardisierte Finanzanalyse nach DIN 77230 f\u00fcr Ihre finanzielle Sicherheit.","og_url":"https:\/\/formaxx.de\/nds-de\/leistungen\/din-analyse\/analyse-light\/","og_site_name":"FORMAXX AG","og_image":[{"width":1920,"height":823,"url":"https:\/\/formaxx.de\/wp-content\/uploads\/2021\/09\/leistungen-din-analyse-light-header.jpg","type":"image\/jpeg"}],"twitter_card":"summary_large_image","schema":{"@context":"https:\/\/schema.org","@graph":[{"@type":"WebPage","@id":"https:\/\/formaxx.de\/nds-de\/leistungen\/din-analyse\/analyse-light\/","url":"https:\/\/formaxx.de\/nds-de\/leistungen\/din-analyse\/analyse-light\/","name":"Analyse light - FORMAXX AG","isPartOf":{"@id":"https:\/\/formaxx.de\/#website"},"primaryImageOfPage":{"@id":"https:\/\/formaxx.de\/nds-de\/leistungen\/din-analyse\/analyse-light\/#primaryimage"},"image":{"@id":"https:\/\/formaxx.de\/nds-de\/leistungen\/din-analyse\/analyse-light\/#primaryimage"},"thumbnailUrl":"https:\/\/formaxx.de\/wp-content\/uploads\/2021\/09\/leistungen-din-analyse-light-header.jpg","datePublished":"2021-02-05T15:59:40+00:00","description":"FORMAXX bietet mit der \"Analyse light\" eine schnelle, standardisierte Finanzanalyse nach DIN 77230 f\u00fcr Ihre finanzielle Sicherheit.","breadcrumb":{"@id":"https:\/\/formaxx.de\/nds-de\/leistungen\/din-analyse\/analyse-light\/#breadcrumb"},"inLanguage":"de","potentialAction":[{"@type":"ReadAction","target":["https:\/\/formaxx.de\/nds-de\/leistungen\/din-analyse\/analyse-light\/"]}]},{"@type":"ImageObject","inLanguage":"de","@id":"https:\/\/formaxx.de\/nds-de\/leistungen\/din-analyse\/analyse-light\/#primaryimage","url":"https:\/\/formaxx.de\/wp-content\/uploads\/2021\/09\/leistungen-din-analyse-light-header.jpg","contentUrl":"https:\/\/formaxx.de\/wp-content\/uploads\/2021\/09\/leistungen-din-analyse-light-header.jpg","width":1920,"height":823,"caption":"Wir k\u00fcmmern uns um DIN-Analyse"},{"@type":"BreadcrumbList","@id":"https:\/\/formaxx.de\/nds-de\/leistungen\/din-analyse\/analyse-light\/#breadcrumb","itemListElement":[{"@type":"ListItem","position":1,"name":"Startseite","item":"https:\/\/formaxx.de\/nds-de\/formaxx-ag\/"},{"@type":"ListItem","position":2,"name":"Leistungen","item":"https:\/\/formaxx.de\/nds-de\/leistungen\/"},{"@type":"ListItem","position":3,"name":"DIN-Analyse","item":"https:\/\/formaxx.de\/nds-de\/leistungen\/din-analyse\/"},{"@type":"ListItem","position":4,"name":"Analyse light"}]},{"@type":"WebSite","@id":"https:\/\/formaxx.de\/#website","url":"https:\/\/formaxx.de\/","name":"FORMAXX AG","description":"Ma\u00dfstab in Sachen Finanzberatung","publisher":{"@id":"https:\/\/formaxx.de\/#organization"},"potentialAction":[{"@type":"SearchAction","target":{"@type":"EntryPoint","urlTemplate":"https:\/\/formaxx.de\/?s={search_term_string}"},"query-input":{"@type":"PropertyValueSpecification","valueRequired":true,"valueName":"search_term_string"}}],"inLanguage":"de"},{"@type":"Organization","@id":"https:\/\/formaxx.de\/#organization","name":"FORMAXX AG","url":"https:\/\/formaxx.de\/","logo":{"@type":"ImageObject","inLanguage":"de","@id":"https:\/\/formaxx.de\/#\/schema\/logo\/image\/","url":"https:\/\/formaxx.de\/wp-content\/uploads\/2020\/11\/FORMAXX-Logo.png","contentUrl":"https:\/\/formaxx.de\/wp-content\/uploads\/2020\/11\/FORMAXX-Logo.png","width":1920,"height":242,"caption":"FORMAXX AG"},"image":{"@id":"https:\/\/formaxx.de\/#\/schema\/logo\/image\/"}}]}},"_links":{"self":[{"href":"https:\/\/formaxx.de\/nds-de\/wp-json\/wp\/v2\/pages\/25157","targetHints":{"allow":["GET"]}}],"collection":[{"href":"https:\/\/formaxx.de\/nds-de\/wp-json\/wp\/v2\/pages"}],"about":[{"href":"https:\/\/formaxx.de\/nds-de\/wp-json\/wp\/v2\/types\/page"}],"author":[{"embeddable":true,"href":"https:\/\/formaxx.de\/nds-de\/wp-json\/wp\/v2\/users\/1"}],"replies":[{"embeddable":true,"href":"https:\/\/formaxx.de\/nds-de\/wp-json\/wp\/v2\/comments?post=25157"}],"version-history":[{"count":0,"href":"https:\/\/formaxx.de\/nds-de\/wp-json\/wp\/v2\/pages\/25157\/revisions"}],"up":[{"embeddable":true,"href":"https:\/\/formaxx.de\/nds-de\/wp-json\/wp\/v2\/pages\/25123"}],"wp:featuredmedia":[{"embeddable":true,"href":"https:\/\/formaxx.de\/nds-de\/wp-json\/wp\/v2\/media\/24544"}],"wp:attachment":[{"href":"https:\/\/formaxx.de\/nds-de\/wp-json\/wp\/v2\/media?parent=25157"}],"wp:term":[{"taxonomy":"folder","embeddable":true,"href":"https:\/\/formaxx.de\/nds-de\/wp-json\/wp\/v2\/folder?post=25157"}],"curies":[{"name":"wp","href":"https:\/\/api.w.org\/{rel}","templated":true}]}}