{"id":25154,"date":"2021-01-06T12:37:16","date_gmt":"2021-01-06T11:37:16","guid":{"rendered":"https:\/\/formaxx.de\/kunden\/selbststaendige\/"},"modified":"2021-01-06T12:37:16","modified_gmt":"2021-01-06T11:37:16","slug":"selbststaendige","status":"publish","type":"page","link":"https:\/\/formaxx.de\/nds-de\/kunden\/selbststaendige\/","title":{"rendered":"Selbstst\u00e4ndige"},"content":{"rendered":"\t\t<div data-elementor-type=\"wp-page\" data-elementor-id=\"25154\" class=\"elementor elementor-25154\" data-elementor-post-type=\"page\">\n\t\t\t\t\t\t<section class=\"elementor-section elementor-top-section elementor-element elementor-element-2e29b36 elementor-section-boxed elementor-section-height-default elementor-section-height-default\" data-id=\"2e29b36\" data-element_type=\"section\" data-e-type=\"section\">\n\t\t\t\t\t\t<div class=\"elementor-container elementor-column-gap-default\">\n\t\t\t\t\t<div class=\"elementor-column elementor-col-100 elementor-top-column elementor-element elementor-element-a48d257\" data-id=\"a48d257\" data-element_type=\"column\" data-e-type=\"column\">\n\t\t\t<div class=\"elementor-widget-wrap elementor-element-populated\">\n\t\t\t\t\t\t<div class=\"elementor-element elementor-element-bcc76e8 elementor-widget elementor-widget-heading\" data-id=\"bcc76e8\" data-element_type=\"widget\" data-e-type=\"widget\" data-widget_type=\"heading.default\">\n\t\t\t\t<div class=\"elementor-widget-container\">\n\t\t\t\t\t<h2 class=\"elementor-heading-title elementor-size-default\">Selbstst&auml;ndigkeit ist Unabh&auml;ngigkeit und Freiheit<\/h2>\t\t\t\t<\/div>\n\t\t\t\t<\/div>\n\t\t\t\t<div class=\"elementor-element elementor-element-0e2a772 elementor-widget elementor-widget-heading\" data-id=\"0e2a772\" data-element_type=\"widget\" data-e-type=\"widget\" data-widget_type=\"heading.default\">\n\t\t\t\t<div class=\"elementor-widget-container\">\n\t\t\t\t\t<h3 class=\"elementor-heading-title elementor-size-default\">Unternehmer unterst&uuml;tzen Unternehmer<\/h3>\t\t\t\t<\/div>\n\t\t\t\t<\/div>\n\t\t\t\t<div class=\"elementor-element elementor-element-0345518 elementor-widget elementor-widget-text-editor\" data-id=\"0345518\" data-element_type=\"widget\" data-e-type=\"widget\" data-widget_type=\"text-editor.default\">\n\t\t\t\t<div class=\"elementor-widget-container\">\n\t\t\t\t\t\t\t\t\t<p>Ihr eigenes Unternehmen oder Ihre Solo-Selbstst&auml;ndigkeit floriert, weil Sie sich voll einbringen. Sie haben das Knowhow, die Skills und den Willen, Ihre Projekte erfolgreich zu gestalten. Doch wer unterst&uuml;tzt Sie bei der finanziellen Planung, bei der Absicherung von Risiken und beim Aufbau von R&uuml;cklagen f&uuml;r Investitionen oder schwierigere Zeiten? Haben Sie die Freir&auml;ume, sich auch auf diesem Gebiet das notwendige Wissen selbst anzueignen?<\/p>\t\t\t\t\t\t\t\t<\/div>\n\t\t\t\t<\/div>\n\t\t\t\t<div class=\"elementor-element elementor-element-202c851 elementor-widget elementor-widget-text-editor\" data-id=\"202c851\" data-element_type=\"widget\" data-e-type=\"widget\" data-widget_type=\"text-editor.default\">\n\t\t\t\t<div class=\"elementor-widget-container\">\n\t\t\t\t\t\t\t\t\t<p>Bei der Planung ihrer Selbstst&auml;ndigkeit sto&szlig;en alle Unternehmer auf die gleichen Basisfragen:<\/p><ul><li>Wie baue ich mir eine private Altersvorsorge auf, die auch saisonale Schwankungen mit auff&auml;ngt?<\/li><li>Welchen Anteil meiner Einnahmen sollte ich f&uuml;r schlechte Tage zur&uuml;cklegen?<\/li><li>Welche Krankenversicherung passt zu meinen Planungen und zu meinem Typ?<\/li><li>Wie bekomme ich eine transparente &Uuml;bersicht &uuml;ber den Angebotsdschungel?<\/li><li>Wer kann mir auch &uuml;ber den finanziellen Aspekt hinaus helfen, wenn ich z.B. mit meinem Unternehmen deutlich wachsen m&ouml;chte?<\/li><\/ul>\t\t\t\t\t\t\t\t<\/div>\n\t\t\t\t<\/div>\n\t\t\t\t<div class=\"elementor-element elementor-element-f1ef410 elementor-widget elementor-widget-heading\" data-id=\"f1ef410\" data-element_type=\"widget\" data-e-type=\"widget\" data-widget_type=\"heading.default\">\n\t\t\t\t<div class=\"elementor-widget-container\">\n\t\t\t\t\t<h3 class=\"elementor-heading-title elementor-size-default\">Ihr FORMAXX-Berater versteht Sie und Ihre Fragen, denn er ist Unternehmer genau wie Sie. <\/h3>\t\t\t\t<\/div>\n\t\t\t\t<\/div>\n\t\t\t\t<div class=\"elementor-element elementor-element-17d46f5 elementor-widget elementor-widget-text-editor\" data-id=\"17d46f5\" data-element_type=\"widget\" data-e-type=\"widget\" data-widget_type=\"text-editor.default\">\n\t\t\t\t<div class=\"elementor-widget-container\">\n\t\t\t\t\t\t\t\t\t<p><strong>Individuelle Absicherungsberatung<\/strong><\/p><p>Sorgen Sie als Selbstst&auml;ndiger selbst f&uuml;r einen sicheren Stand, indem Sie sich einen kompetenten und kundenorientierten Partner an Ihre Seite holen. Alle FORMAXX-Berater sind Mitunternehmer der FORMAXX AG. Sie denken somit langfristig und handeln nachhaltig. So wie Sie als Unternehmer auch agieren.<\/p><p>Als Unternehmer lieben Sie Ihre Unabh&auml;ngigkeit, deswegen suchen Sie nach individuellen, sowie unabh&auml;ngigen L&ouml;sungen. Unsere DIN-zertifizierten FORMAXX-Berater haben ein langfristiges Interesse an ihren Kundenbeziehungen und k&ouml;nnen am gesamten Finanzmarkt unabh&auml;ngig die Finanzl&ouml;sungen beschaffen, die f&uuml;r Ihre jeweilige pers&ouml;nliche Situation am besten passen. Somit werden dauerhafte, langfristige Win-Win-Situationen geschaffen.<\/p><p>Hand in Hand schaffen wir f&uuml;r unsere selbstst&auml;ndigen Kunden verschiedenste Mehrwerte in unterschiedlichsten Finanzthemen. Immer mit dem Ziel gemeinsam die finanzielle Situation unsere Kunden zu verbessern.<\/p><p>Dabei setzten wir auf absolute Transparenz. Alle unsere Empfehlungen fu&szlig;en auf Vorgaben der gro&szlig;en Verbraucherschutzorganisationen. Unsere Kundenorientierung l&auml;sst sich jederzeit auf dem Kundenbewertungsportal WhoFinance nachlesen. So entstehen f&uuml;r Sie messbare und vergleichbare Erfolge durch unsere Finanzberatung.<\/p>\t\t\t\t\t\t\t\t<\/div>\n\t\t\t\t<\/div>\n\t\t\t\t<div class=\"elementor-element elementor-element-1070fa2 elementor-widget elementor-widget-text-editor\" data-id=\"1070fa2\" data-element_type=\"widget\" data-e-type=\"widget\" data-widget_type=\"text-editor.default\">\n\t\t\t\t<div class=\"elementor-widget-container\">\n\t\t\t\t\t\t\t\t\t<p><strong>Ganzheitliche Firmenberatung<\/strong><\/p><p>Eines unserer Spezialgebiete ist die ganzheitliche Firmenberatung. Wir entwickeln Konzepte zur &bdquo;Mitarbeiter-Findung, -Bindung und -Motivation&ldquo;.<\/p><p>Wir unterst&uuml;tzen Sie mit modernen L&ouml;sungen f&uuml;r Mitarbeiter-Mehrwerte in Ihrem Unternehmen, Rahmenvertr&auml;ge f&uuml;r betriebliche Altersvorsorge, betriebliches Gesundheitsmanagement, Nettolohnoptimierung, spezielle Konzepte f&uuml;r Belegschaftsabsicherung im Bereich Berufs- und Erwerbsunf&auml;higkeit und nat&uuml;rlich gewerbliche Sachversicherungen (Haftpflicht, Inhalt, Geb&auml;ude, Transport etc.).<\/p><p>Im Kontext der ganzheitlichen Unternehmensberatung empfehlen wir Ihnen auch den Abschnitt <strong><a href=\"https:\/\/formaxx.de\/firmenberatung\/\">Unternehmen (Firmenberatung)<\/a><\/strong>, der Fragen zu Verf&uuml;gungen, Vollmachten und Versorgung detailliert aufgreift.<\/p>\t\t\t\t\t\t\t\t<\/div>\n\t\t\t\t<\/div>\n\t\t\t\t\t<\/div>\n\t\t<\/div>\n\t\t\t\t\t<\/div>\n\t\t<\/section>\n\t\t\t\t<section class=\"elementor-section elementor-top-section elementor-element elementor-element-376e945 elementor-section-content-middle elementor-section-boxed elementor-section-height-default elementor-section-height-default\" data-id=\"376e945\" data-element_type=\"section\" data-e-type=\"section\">\n\t\t\t\t\t\t<div class=\"elementor-container elementor-column-gap-wider\">\n\t\t\t\t\t<div class=\"elementor-column elementor-col-50 elementor-top-column elementor-element elementor-element-e3bd551\" data-id=\"e3bd551\" data-element_type=\"column\" data-e-type=\"column\">\n\t\t\t<div class=\"elementor-widget-wrap elementor-element-populated\">\n\t\t\t\t\t\t<div class=\"elementor-element elementor-element-160cd12 elementor-widget elementor-widget-image\" data-id=\"160cd12\" data-element_type=\"widget\" data-e-type=\"widget\" data-widget_type=\"image.default\">\n\t\t\t\t<div class=\"elementor-widget-container\">\n\t\t\t\t\t\t\t\t\t\t\t\t\t\t\t<img fetchpriority=\"high\" decoding=\"async\" width=\"800\" height=\"534\" src=\"https:\/\/formaxx.de\/wp-content\/uploads\/2021\/07\/kunden-selbststaendige-kontakt-1024x683.jpg\" class=\"attachment-large size-large wp-image-4789\" alt=\"FORMAXX &ndash;&nbsp;Wir beraten Selbstst&auml;ndige\" srcset=\"https:\/\/formaxx.de\/wp-content\/uploads\/2021\/07\/kunden-selbststaendige-kontakt-1024x683.jpg 1024w, https:\/\/formaxx.de\/wp-content\/uploads\/2021\/07\/kunden-selbststaendige-kontakt-300x200.jpg 300w, https:\/\/formaxx.de\/wp-content\/uploads\/2021\/07\/kunden-selbststaendige-kontakt-768x512.jpg 768w, https:\/\/formaxx.de\/wp-content\/uploads\/2021\/07\/kunden-selbststaendige-kontakt-1536x1024.jpg 1536w, https:\/\/formaxx.de\/wp-content\/uploads\/2021\/07\/kunden-selbststaendige-kontakt.jpg 1620w\" sizes=\"(max-width: 800px) 100vw, 800px\">\t\t\t\t\t\t\t\t\t\t\t\t\t\t\t<\/div>\n\t\t\t\t<\/div>\n\t\t\t\t\t<\/div>\n\t\t<\/div>\n\t\t\t\t<div class=\"elementor-column elementor-col-50 elementor-top-column elementor-element elementor-element-a0ca00c\" data-id=\"a0ca00c\" data-element_type=\"column\" data-e-type=\"column\">\n\t\t\t<div class=\"elementor-widget-wrap elementor-element-populated\">\n\t\t\t\t\t\t<div class=\"elementor-element elementor-element-4c64cfe elementor-widget elementor-widget-heading\" data-id=\"4c64cfe\" data-element_type=\"widget\" data-e-type=\"widget\" data-widget_type=\"heading.default\">\n\t\t\t\t<div class=\"elementor-widget-container\">\n\t\t\t\t\t<h4 class=\"elementor-heading-title elementor-size-default\">Wollen Sie mehr erfahren? <\/h4>\t\t\t\t<\/div>\n\t\t\t\t<\/div>\n\t\t\t\t<div class=\"elementor-element elementor-element-bb85280 elementor-widget elementor-widget-button\" data-id=\"bb85280\" data-element_type=\"widget\" data-e-type=\"widget\" data-widget_type=\"button.default\">\n\t\t\t\t<div class=\"elementor-widget-container\">\n\t\t\t\t\t\t\t\t\t<div class=\"elementor-button-wrapper\">\n\t\t\t\t\t<a class=\"elementor-button elementor-button-link elementor-size-sm\" href=\"https:\/\/formaxx.de\/ueber-formaxx\/kontakt\/\">\n\t\t\t\t\t\t<span class=\"elementor-button-content-wrapper\">\n\t\t\t\t\t\t\t\t\t<span class=\"elementor-button-text\">Jetzt Termin buchen<\/span>\n\t\t\t\t\t<\/span>\n\t\t\t\t\t<\/a>\n\t\t\t\t<\/div>\n\t\t\t\t\t\t\t\t<\/div>\n\t\t\t\t<\/div>\n\t\t\t\t\t<\/div>\n\t\t<\/div>\n\t\t\t\t\t<\/div>\n\t\t<\/section>\n\t\t\t\t<\/div>\n\t\t","protected":false},"excerpt":{"rendered":"<p>Selbstst\u00e4ndig zu sein bedeutet, unabh\u00e4ngig und frei zu sein. Unternehmer unterst\u00fctzen Unternehmer Ihr eigenes Unternehmen oder Ihre T\u00e4tigkeit als Solo-Selbstst\u00e4ndiger l\u00e4uft gut, weil Sie sich voll einsetzen. Sie haben das Wissen, die F\u00e4higkeiten und den Willen, Ihre Projekte erfolgreich umzusetzen. Aber wer hilft Ihnen bei der finanziellen Planung, beim Schutz vor Risiken und beim Sparen [&hellip;]<\/p>\n","protected":false},"author":1,"featured_media":24369,"parent":25125,"menu_order":0,"comment_status":"closed","ping_status":"closed","template":"","meta":{"_acf_changed":false,"footnotes":""},"folder":[199],"class_list":["post-25154","page","type-page","status-publish","has-post-thumbnail","hentry"],"acf":[],"yoast_head":"<!-- This site is optimized with the Yoast SEO plugin v27.5 - https:\/\/yoast.com\/product\/yoast-seo-wordpress\/ -->\n<title>Selbstst\u00e4ndige - FORMAXX AG<\/title>\n<meta name=\"description\" content=\"FORMAXX unterst\u00fctzt Selbstst\u00e4ndige mit individueller Finanzberatung, einschlie\u00dflich Altersvorsorge, Liquidit\u00e4tsplanung und Risikomanagement.\" \/>\n<meta name=\"robots\" content=\"index, follow, max-snippet:-1, max-image-preview:large, max-video-preview:-1\" \/>\n<meta property=\"og:locale\" content=\"en_US\" \/>\n<meta property=\"og:type\" content=\"article\" \/>\n<meta property=\"og:title\" content=\"Selbstst\u00e4ndige - FORMAXX AG\" \/>\n<meta property=\"og:description\" content=\"FORMAXX unterst\u00fctzt Selbstst\u00e4ndige mit individueller Finanzberatung, einschlie\u00dflich Altersvorsorge, Liquidit\u00e4tsplanung und Risikomanagement.\" \/>\n<meta property=\"og:url\" content=\"https:\/\/formaxx.de\/nds-de\/kunden\/selbststaendige\/\" \/>\n<meta property=\"og:site_name\" content=\"FORMAXX AG\" \/>\n<meta property=\"og:image\" content=\"https:\/\/formaxx.de\/wp-content\/uploads\/2021\/07\/kunden-selbststaendige-header-1.jpg\" \/>\n\t<meta property=\"og:image:width\" content=\"1920\" \/>\n\t<meta property=\"og:image:height\" content=\"823\" \/>\n\t<meta property=\"og:image:type\" content=\"image\/jpeg\" \/>\n<meta name=\"twitter:card\" content=\"summary_large_image\" \/>\n<meta name=\"twitter:label1\" content=\"Gesch\u00e4tzte Lesezeit\" \/>\n\t<meta name=\"twitter:data1\" content=\"3\u00a0Minuten\" \/>\n<script type=\"application\/ld+json\" class=\"yoast-schema-graph\">{\"@context\":\"https:\\\/\\\/schema.org\",\"@graph\":[{\"@type\":\"WebPage\",\"@id\":\"https:\\\/\\\/formaxx.de\\\/nds-de\\\/kunden\\\/selbststaendige\\\/\",\"url\":\"https:\\\/\\\/formaxx.de\\\/nds-de\\\/kunden\\\/selbststaendige\\\/\",\"name\":\"Selbstst\u00e4ndige - FORMAXX AG\",\"isPartOf\":{\"@id\":\"https:\\\/\\\/formaxx.de\\\/#website\"},\"primaryImageOfPage\":{\"@id\":\"https:\\\/\\\/formaxx.de\\\/nds-de\\\/kunden\\\/selbststaendige\\\/#primaryimage\"},\"image\":{\"@id\":\"https:\\\/\\\/formaxx.de\\\/nds-de\\\/kunden\\\/selbststaendige\\\/#primaryimage\"},\"thumbnailUrl\":\"https:\\\/\\\/formaxx.de\\\/wp-content\\\/uploads\\\/2021\\\/07\\\/kunden-selbststaendige-header-1.jpg\",\"datePublished\":\"2021-01-06T11:37:16+00:00\",\"description\":\"FORMAXX unterst\u00fctzt Selbstst\u00e4ndige mit individueller Finanzberatung, einschlie\u00dflich Altersvorsorge, Liquidit\u00e4tsplanung und Risikomanagement.\",\"breadcrumb\":{\"@id\":\"https:\\\/\\\/formaxx.de\\\/nds-de\\\/kunden\\\/selbststaendige\\\/#breadcrumb\"},\"inLanguage\":\"de\",\"potentialAction\":[{\"@type\":\"ReadAction\",\"target\":[\"https:\\\/\\\/formaxx.de\\\/nds-de\\\/kunden\\\/selbststaendige\\\/\"]}]},{\"@type\":\"ImageObject\",\"inLanguage\":\"de\",\"@id\":\"https:\\\/\\\/formaxx.de\\\/nds-de\\\/kunden\\\/selbststaendige\\\/#primaryimage\",\"url\":\"https:\\\/\\\/formaxx.de\\\/wp-content\\\/uploads\\\/2021\\\/07\\\/kunden-selbststaendige-header-1.jpg\",\"contentUrl\":\"https:\\\/\\\/formaxx.de\\\/wp-content\\\/uploads\\\/2021\\\/07\\\/kunden-selbststaendige-header-1.jpg\",\"width\":1920,\"height\":823,\"caption\":\"FORMAXX \u2013\u00a0Wir beraten Selbstst\u00e4ndige\"},{\"@type\":\"BreadcrumbList\",\"@id\":\"https:\\\/\\\/formaxx.de\\\/nds-de\\\/kunden\\\/selbststaendige\\\/#breadcrumb\",\"itemListElement\":[{\"@type\":\"ListItem\",\"position\":1,\"name\":\"Startseite\",\"item\":\"https:\\\/\\\/formaxx.de\\\/nds-de\\\/formaxx-ag\\\/\"},{\"@type\":\"ListItem\",\"position\":2,\"name\":\"Kunden\",\"item\":\"https:\\\/\\\/formaxx.de\\\/nds-de\\\/kunden\\\/\"},{\"@type\":\"ListItem\",\"position\":3,\"name\":\"Selbstst\u00e4ndige\"}]},{\"@type\":\"WebSite\",\"@id\":\"https:\\\/\\\/formaxx.de\\\/#website\",\"url\":\"https:\\\/\\\/formaxx.de\\\/\",\"name\":\"FORMAXX AG\",\"description\":\"Ma\u00dfstab in Sachen Finanzberatung\",\"publisher\":{\"@id\":\"https:\\\/\\\/formaxx.de\\\/#organization\"},\"potentialAction\":[{\"@type\":\"SearchAction\",\"target\":{\"@type\":\"EntryPoint\",\"urlTemplate\":\"https:\\\/\\\/formaxx.de\\\/?s={search_term_string}\"},\"query-input\":{\"@type\":\"PropertyValueSpecification\",\"valueRequired\":true,\"valueName\":\"search_term_string\"}}],\"inLanguage\":\"de\"},{\"@type\":\"Organization\",\"@id\":\"https:\\\/\\\/formaxx.de\\\/#organization\",\"name\":\"FORMAXX AG\",\"url\":\"https:\\\/\\\/formaxx.de\\\/\",\"logo\":{\"@type\":\"ImageObject\",\"inLanguage\":\"de\",\"@id\":\"https:\\\/\\\/formaxx.de\\\/#\\\/schema\\\/logo\\\/image\\\/\",\"url\":\"https:\\\/\\\/formaxx.de\\\/wp-content\\\/uploads\\\/2020\\\/11\\\/FORMAXX-Logo.png\",\"contentUrl\":\"https:\\\/\\\/formaxx.de\\\/wp-content\\\/uploads\\\/2020\\\/11\\\/FORMAXX-Logo.png\",\"width\":1920,\"height\":242,\"caption\":\"FORMAXX AG\"},\"image\":{\"@id\":\"https:\\\/\\\/formaxx.de\\\/#\\\/schema\\\/logo\\\/image\\\/\"}}]}<\/script>\n<!-- \/ Yoast SEO plugin. -->","yoast_head_json":{"title":"Selbstst\u00e4ndige - FORMAXX AG","description":"FORMAXX unterst\u00fctzt Selbstst\u00e4ndige mit individueller Finanzberatung, einschlie\u00dflich Altersvorsorge, Liquidit\u00e4tsplanung und Risikomanagement.","robots":{"index":"index","follow":"follow","max-snippet":"max-snippet:-1","max-image-preview":"max-image-preview:large","max-video-preview":"max-video-preview:-1"},"og_locale":"en_US","og_type":"article","og_title":"Selbstst\u00e4ndige - FORMAXX AG","og_description":"FORMAXX unterst\u00fctzt Selbstst\u00e4ndige mit individueller Finanzberatung, einschlie\u00dflich Altersvorsorge, Liquidit\u00e4tsplanung und Risikomanagement.","og_url":"https:\/\/formaxx.de\/nds-de\/kunden\/selbststaendige\/","og_site_name":"FORMAXX AG","og_image":[{"width":1920,"height":823,"url":"https:\/\/formaxx.de\/wp-content\/uploads\/2021\/07\/kunden-selbststaendige-header-1.jpg","type":"image\/jpeg"}],"twitter_card":"summary_large_image","twitter_misc":{"Gesch\u00e4tzte Lesezeit":"3\u00a0Minuten"},"schema":{"@context":"https:\/\/schema.org","@graph":[{"@type":"WebPage","@id":"https:\/\/formaxx.de\/nds-de\/kunden\/selbststaendige\/","url":"https:\/\/formaxx.de\/nds-de\/kunden\/selbststaendige\/","name":"Selbstst\u00e4ndige - FORMAXX AG","isPartOf":{"@id":"https:\/\/formaxx.de\/#website"},"primaryImageOfPage":{"@id":"https:\/\/formaxx.de\/nds-de\/kunden\/selbststaendige\/#primaryimage"},"image":{"@id":"https:\/\/formaxx.de\/nds-de\/kunden\/selbststaendige\/#primaryimage"},"thumbnailUrl":"https:\/\/formaxx.de\/wp-content\/uploads\/2021\/07\/kunden-selbststaendige-header-1.jpg","datePublished":"2021-01-06T11:37:16+00:00","description":"FORMAXX unterst\u00fctzt Selbstst\u00e4ndige mit individueller Finanzberatung, einschlie\u00dflich Altersvorsorge, Liquidit\u00e4tsplanung und Risikomanagement.","breadcrumb":{"@id":"https:\/\/formaxx.de\/nds-de\/kunden\/selbststaendige\/#breadcrumb"},"inLanguage":"de","potentialAction":[{"@type":"ReadAction","target":["https:\/\/formaxx.de\/nds-de\/kunden\/selbststaendige\/"]}]},{"@type":"ImageObject","inLanguage":"de","@id":"https:\/\/formaxx.de\/nds-de\/kunden\/selbststaendige\/#primaryimage","url":"https:\/\/formaxx.de\/wp-content\/uploads\/2021\/07\/kunden-selbststaendige-header-1.jpg","contentUrl":"https:\/\/formaxx.de\/wp-content\/uploads\/2021\/07\/kunden-selbststaendige-header-1.jpg","width":1920,"height":823,"caption":"FORMAXX \u2013\u00a0Wir beraten Selbstst\u00e4ndige"},{"@type":"BreadcrumbList","@id":"https:\/\/formaxx.de\/nds-de\/kunden\/selbststaendige\/#breadcrumb","itemListElement":[{"@type":"ListItem","position":1,"name":"Startseite","item":"https:\/\/formaxx.de\/nds-de\/formaxx-ag\/"},{"@type":"ListItem","position":2,"name":"Kunden","item":"https:\/\/formaxx.de\/nds-de\/kunden\/"},{"@type":"ListItem","position":3,"name":"Selbstst\u00e4ndige"}]},{"@type":"WebSite","@id":"https:\/\/formaxx.de\/#website","url":"https:\/\/formaxx.de\/","name":"FORMAXX AG","description":"Ma\u00dfstab in Sachen Finanzberatung","publisher":{"@id":"https:\/\/formaxx.de\/#organization"},"potentialAction":[{"@type":"SearchAction","target":{"@type":"EntryPoint","urlTemplate":"https:\/\/formaxx.de\/?s={search_term_string}"},"query-input":{"@type":"PropertyValueSpecification","valueRequired":true,"valueName":"search_term_string"}}],"inLanguage":"de"},{"@type":"Organization","@id":"https:\/\/formaxx.de\/#organization","name":"FORMAXX AG","url":"https:\/\/formaxx.de\/","logo":{"@type":"ImageObject","inLanguage":"de","@id":"https:\/\/formaxx.de\/#\/schema\/logo\/image\/","url":"https:\/\/formaxx.de\/wp-content\/uploads\/2020\/11\/FORMAXX-Logo.png","contentUrl":"https:\/\/formaxx.de\/wp-content\/uploads\/2020\/11\/FORMAXX-Logo.png","width":1920,"height":242,"caption":"FORMAXX AG"},"image":{"@id":"https:\/\/formaxx.de\/#\/schema\/logo\/image\/"}}]}},"_links":{"self":[{"href":"https:\/\/formaxx.de\/nds-de\/wp-json\/wp\/v2\/pages\/25154","targetHints":{"allow":["GET"]}}],"collection":[{"href":"https:\/\/formaxx.de\/nds-de\/wp-json\/wp\/v2\/pages"}],"about":[{"href":"https:\/\/formaxx.de\/nds-de\/wp-json\/wp\/v2\/types\/page"}],"author":[{"embeddable":true,"href":"https:\/\/formaxx.de\/nds-de\/wp-json\/wp\/v2\/users\/1"}],"replies":[{"embeddable":true,"href":"https:\/\/formaxx.de\/nds-de\/wp-json\/wp\/v2\/comments?post=25154"}],"version-history":[{"count":0,"href":"https:\/\/formaxx.de\/nds-de\/wp-json\/wp\/v2\/pages\/25154\/revisions"}],"up":[{"embeddable":true,"href":"https:\/\/formaxx.de\/nds-de\/wp-json\/wp\/v2\/pages\/25125"}],"wp:featuredmedia":[{"embeddable":true,"href":"https:\/\/formaxx.de\/nds-de\/wp-json\/wp\/v2\/media\/24369"}],"wp:attachment":[{"href":"https:\/\/formaxx.de\/nds-de\/wp-json\/wp\/v2\/media?parent=25154"}],"wp:term":[{"taxonomy":"folder","embeddable":true,"href":"https:\/\/formaxx.de\/nds-de\/wp-json\/wp\/v2\/folder?post=25154"}],"curies":[{"name":"wp","href":"https:\/\/api.w.org\/{rel}","templated":true}]}}